CRAN Package Check Results for Package HSAUR3

Last updated on 2020-01-25 00:55:31 CET.

Flavor Version Tinstall Tcheck Ttotal Status Flags
r-devel-linux-x86_64-debian-clang 1.0-9 4.26 220.05 224.31 OK
r-devel-linux-x86_64-debian-gcc 1.0-9 3.00 171.22 174.22 OK
r-devel-linux-x86_64-fedora-clang 1.0-9 288.93 NOTE
r-devel-linux-x86_64-fedora-gcc 1.0-9 285.20 OK
r-devel-windows-ix86+x86_64 1.0-9 16.00 89.00 105.00 OK --no-vignettes
r-devel-windows-ix86+x86_64-gcc8 1.0-9 13.00 98.00 111.00 OK --no-vignettes
r-patched-linux-x86_64 1.0-9 3.58 204.45 208.03 OK
r-patched-solaris-x86 1.0-9 389.50 NOTE
r-release-linux-x86_64 1.0-9 3.67 204.54 208.21 OK
r-release-windows-ix86+x86_64 1.0-9 17.00 76.00 93.00 OK --no-vignettes
r-release-osx-x86_64 1.0-9 OK
r-oldrel-windows-ix86+x86_64 1.0-9 9.00 66.00 75.00 OK --no-vignettes
r-oldrel-osx-x86_64 1.0-9 OK

Check Details

Version: 1.0-9
Check: installed package size
Result: NOTE
     installed size is 5.0Mb
     sub-directories of 1Mb or more:
     doc 3.7Mb
Flavors: r-devel-linux-x86_64-fedora-clang, r-patched-solaris-x86