CRAN Package Check Results for Package HSAUR3

Last updated on 2020-08-10 01:49:53 CEST.

Flavor Version Tinstall Tcheck Ttotal Status Flags
r-devel-linux-x86_64-debian-clang 1.0-9 4.05 215.48 219.53 OK
r-devel-linux-x86_64-debian-gcc 1.0-9 3.20 167.38 170.58 OK
r-devel-linux-x86_64-fedora-clang 1.0-9 276.26 NOTE
r-devel-linux-x86_64-fedora-gcc 1.0-9 286.52 OK
r-devel-windows-ix86+x86_64 1.0-9 15.00 87.00 102.00 OK --no-vignettes
r-patched-linux-x86_64 1.0-9 4.02 212.83 216.85 OK
r-patched-solaris-x86 1.0-9 407.50 NOTE
r-release-linux-x86_64 1.0-9 4.01 210.46 214.47 OK
r-release-macos-x86_64 1.0-9 OK
r-release-windows-ix86+x86_64 1.0-9 12.00 68.00 80.00 OK --no-vignettes
r-oldrel-macos-x86_64 1.0-9 OK
r-oldrel-windows-ix86+x86_64 1.0-9 10.00 99.00 109.00 OK --no-vignettes

Check Details

Version: 1.0-9
Check: installed package size
Result: NOTE
     installed size is 5.0Mb
     sub-directories of 1Mb or more:
     doc 3.7Mb
Flavors: r-devel-linux-x86_64-fedora-clang, r-patched-solaris-x86