CRAN Package Check Results for Package HTLR

Last updated on 2021-04-20 01:47:07 CEST.

Flavor Version Tinstall Tcheck Ttotal Status Flags
r-devel-linux-x86_64-debian-clang 0.4-3 106.82 79.57 186.39 OK --no-vignettes
r-devel-linux-x86_64-debian-gcc 0.4-3 69.10 63.78 132.88 OK --no-vignettes
r-devel-linux-x86_64-fedora-clang 0.4-3 579.89 NOTE
r-devel-linux-x86_64-fedora-gcc 0.4-3 898.32 OK
r-devel-windows-ix86+x86_64 0.4-3 226.00 262.00 488.00 OK
r-devel-windows-x86_64-gcc10-UCRT 0.4-3 OK
r-patched-linux-x86_64 0.4-3 83.65 73.97 157.62 OK --no-vignettes
r-patched-solaris-x86 0.4-3 499.10 OK
r-release-linux-x86_64 0.4-3 84.22 73.92 158.14 OK --no-vignettes
r-release-macos-x86_64 0.4-3 NOTE
r-release-windows-ix86+x86_64 0.4-3 226.00 358.00 584.00 OK
r-oldrel-macos-x86_64 0.4-3 NOTE
r-oldrel-windows-ix86+x86_64 0.4-3 151.00 284.00 435.00 OK

Check Details

Version: 0.4-3
Check: installed package size
Result: NOTE
     installed size is 5.4Mb
     sub-directories of 1Mb or more:
     doc 1.1Mb
     libs 3.2Mb
Flavors: r-devel-linux-x86_64-fedora-clang, r-release-macos-x86_64, r-oldrel-macos-x86_64