CRAN Package Check Results for Package HTLR

Last updated on 2020-07-08 01:49:30 CEST.

Flavor Version Tinstall Tcheck Ttotal Status Flags
r-devel-linux-x86_64-debian-clang 0.4-2 96.79 75.73 172.52 OK --no-vignettes
r-devel-linux-x86_64-debian-gcc 0.4-2 74.07 58.21 132.28 OK --no-vignettes
r-devel-linux-x86_64-fedora-clang 0.4-2 549.77 NOTE
r-devel-linux-x86_64-fedora-gcc 0.4-2 562.37 OK
r-devel-windows-ix86+x86_64 0.4-2 168.00 275.00 443.00 OK
r-patched-linux-x86_64 0.4-2 75.05 75.59 150.64 OK --no-vignettes
r-patched-solaris-x86 0.4-2 477.90 OK
r-release-linux-x86_64 0.4-2 74.12 76.83 150.95 OK --no-vignettes
r-release-osx-x86_64 0.4-2 NOTE
r-release-windows-ix86+x86_64 0.4-2 164.00 264.00 428.00 OK
r-oldrel-osx-x86_64 0.4-2 NOTE
r-oldrel-windows-ix86+x86_64 0.4-2 180.00 364.00 544.00 OK

Check Details

Version: 0.4-2
Check: installed package size
Result: NOTE
     installed size is 5.9Mb
     sub-directories of 1Mb or more:
     doc 1.0Mb
     libs 3.7Mb
Flavors: r-devel-linux-x86_64-fedora-clang, r-release-osx-x86_64, r-oldrel-osx-x86_64