CRAN Package Check Results for Package HUM

Last updated on 2021-05-07 01:48:43 CEST.

Flavor Version Tinstall Tcheck Ttotal Status Flags
r-devel-linux-x86_64-debian-clang 1.0 26.79 45.94 72.73 NOTE
r-devel-linux-x86_64-debian-gcc 1.0 16.20 36.64 52.84 NOTE
r-devel-linux-x86_64-fedora-clang 1.0 97.55 NOTE
r-devel-linux-x86_64-fedora-gcc 1.0 83.80 NOTE
r-devel-windows-ix86+x86_64 1.0 62.00 99.00 161.00 NOTE
r-devel-windows-x86_64-gcc10-UCRT 1.0 NOTE
r-patched-linux-x86_64 1.0 20.01 44.98 64.99 NOTE
r-patched-solaris-x86 1.0 105.80 NOTE
r-release-linux-x86_64 1.0 18.71 43.95 62.66 NOTE
r-release-macos-x86_64 1.0 NOTE
r-release-windows-ix86+x86_64 1.0 42.00 74.00 116.00 NOTE
r-oldrel-macos-x86_64 1.0 WARN
r-oldrel-windows-ix86+x86_64 1.0 53.00 6.00 59.00 ERROR

Check Details

Version: 1.0
Check: R code for possible problems
Result: NOTE
    Calculate3D: no visible global function definition for 'persp'
    CalculateHUM_Ex: no visible global function definition for 'combn'
    CalculateHUM_Plot: no visible global function definition for 'polygon'
    CalculateHUM_Plot: no visible global function definition for 'text'
    CalculateHUM_Plot: no visible global function definition for 'points'
    CalculateHUM_Plot: no visible global function definition for 'lines'
    Undefined global functions or variables:
     combn lines persp points polygon text
    Consider adding
     importFrom("graphics", "lines", "persp", "points", "polygon", "text")
     importFrom("utils", "combn")
    to your NAMESPACE file.
Flavors: r-devel-linux-x86_64-debian-clang, r-devel-linux-x86_64-debian-gcc, r-devel-linux-x86_64-fedora-clang, r-devel-linux-x86_64-fedora-gcc, r-devel-windows-ix86+x86_64, r-devel-windows-x86_64-gcc10-UCRT, r-patched-linux-x86_64, r-patched-solaris-x86, r-release-linux-x86_64, r-release-macos-x86_64, r-release-windows-ix86+x86_64

Version: 1.0
Check: compiled code
Result: NOTE
    File ‘HUM/libs/HUM.so’:
     Found no calls to: ‘R_registerRoutines’, ‘R_useDynamicSymbols’
    
    It is good practice to register native routines and to disable symbol
    search.
    
    See ‘Writing portable packages’ in the ‘Writing R Extensions’ manual.
Flavors: r-devel-linux-x86_64-fedora-clang, r-devel-linux-x86_64-fedora-gcc

Version: 1.0
Check: whether package can be installed
Result: WARN
    Found the following significant warnings:
     Warning: 'rgl_init' failed, running with rgl.useNULL = TRUE
Flavor: r-oldrel-macos-x86_64

Version: 1.0
Check: R code for possible problems
Result: NOTE
    Calculate3D: no visible global function definition for ‘persp’
    CalculateHUM_Ex: no visible global function definition for ‘combn’
    CalculateHUM_Plot: no visible global function definition for ‘plot’
    CalculateHUM_Plot: no visible global function definition for ‘polygon’
    CalculateHUM_Plot: no visible global function definition for ‘text’
    CalculateHUM_Plot: no visible global function definition for ‘points’
    CalculateHUM_Plot: no visible global function definition for ‘lines’
    Undefined global functions or variables:
     combn lines persp plot points polygon text
    Consider adding
     importFrom("graphics", "lines", "persp", "plot", "points", "polygon",
     "text")
     importFrom("utils", "combn")
    to your NAMESPACE file.
Flavor: r-oldrel-macos-x86_64

Version: 1.0
Check: whether package can be installed
Result: ERROR
    Installation failed.
    See 'd:/Rcompile/CRANpkg/local/3.6/HUM.Rcheck/00install.out'
Flavor: r-oldrel-windows-ix86+x86_64