CRAN Package Check Results for Package HadamardR

Last updated on 2024-04-19 20:56:40 CEST.

Flavor Version Tinstall Tcheck Ttotal Status Flags
r-devel-linux-x86_64-debian-clang 1.0.0 5.77 37.43 43.20 NOTE
r-devel-linux-x86_64-debian-gcc 1.0.0 NOTE
r-devel-linux-x86_64-fedora-clang 1.0.0 51.88 NOTE
r-devel-linux-x86_64-fedora-gcc 1.0.0 49.29 NOTE
r-prerel-macos-arm64 1.0.0 17.00 NOTE
r-prerel-windows-x86_64 1.0.0 5.00 58.00 63.00 NOTE
r-patched-linux-x86_64 1.0.0 5.69 36.67 42.36 NOTE
r-release-linux-x86_64 1.0.0 5.29 34.95 40.24 NOTE
r-release-macos-arm64 1.0.0 19.00 NOTE
r-release-macos-x86_64 1.0.0 29.00 NOTE
r-release-windows-x86_64 1.0.0 7.00 61.00 68.00 NOTE
r-oldrel-macos-arm64 1.0.0 19.00 NOTE
r-oldrel-windows-x86_64 1.0.0 7.00 54.00 61.00 NOTE

Check Details

Version: 1.0.0
Check: LazyData
Result: NOTE 'LazyData' is specified without a 'data' directory Flavors: r-devel-linux-x86_64-debian-clang, r-devel-linux-x86_64-debian-gcc, r-devel-linux-x86_64-fedora-clang, r-devel-linux-x86_64-fedora-gcc, r-prerel-macos-arm64, r-prerel-windows-x86_64, r-patched-linux-x86_64, r-release-linux-x86_64, r-release-macos-arm64, r-release-macos-x86_64, r-release-windows-x86_64, r-oldrel-macos-arm64, r-oldrel-windows-x86_64