CRAN Package Check Results for Package HistDAWass

Last updated on 2020-04-02 01:53:13 CEST.

Flavor Version Tinstall Tcheck Ttotal Status Flags
r-devel-linux-x86_64-debian-clang 1.0.4 67.01 98.09 165.10 OK
r-devel-linux-x86_64-debian-gcc 1.0.4 52.26 73.34 125.60 OK
r-devel-linux-x86_64-fedora-clang 1.0.4 203.33 NOTE
r-devel-linux-x86_64-fedora-gcc 1.0.4 197.39 OK
r-devel-windows-ix86+x86_64 1.0.4 115.00 144.00 259.00 OK
r-devel-windows-ix86+x86_64-gcc8 1.0.4 108.00 153.00 261.00 OK
r-patched-linux-x86_64 1.0.4 58.98 93.64 152.62 OK
r-patched-solaris-x86 1.0.4 220.70 OK
r-release-linux-x86_64 1.0.4 59.47 85.55 145.02 OK
r-release-windows-ix86+x86_64 1.0.4 110.00 151.00 261.00 OK
r-release-osx-x86_64 1.0.4 NOTE
r-oldrel-windows-ix86+x86_64 1.0.4 158.00 190.00 348.00 OK
r-oldrel-osx-x86_64 1.0.4 NOTE

Check Details

Version: 1.0.4
Check: installed package size
Result: NOTE
     installed size is 7.6Mb
     sub-directories of 1Mb or more:
     data 1.0Mb
     libs 5.8Mb
Flavors: r-devel-linux-x86_64-fedora-clang, r-release-osx-x86_64, r-oldrel-osx-x86_64