CRAN Package Check Results for Package HydeNet

Last updated on 2020-05-31 01:48:42 CEST.

Flavor Version Tinstall Tcheck Ttotal Status Flags
r-devel-linux-x86_64-debian-clang 0.10.10 9.83 100.78 110.61 OK
r-devel-linux-x86_64-debian-gcc 0.10.10 6.87 81.52 88.39 ERROR
r-devel-linux-x86_64-fedora-clang 0.10.10 153.84 ERROR
r-devel-linux-x86_64-fedora-gcc 0.10.10 144.43 ERROR
r-devel-windows-ix86+x86_64 0.10.10 28.00 152.00 180.00 OK
r-patched-linux-x86_64 0.10.10 9.89 98.90 108.79 OK
r-patched-solaris-x86 0.10.10 201.50 ERROR
r-release-linux-x86_64 0.10.10 9.52 105.52 115.04 ERROR
r-release-osx-x86_64 0.10.10 NOTE
r-release-windows-ix86+x86_64 0.10.10 19.00 160.00 179.00 OK
r-oldrel-osx-x86_64 0.10.10 NOTE
r-oldrel-windows-ix86+x86_64 0.10.10 16.00 119.00 135.00 OK

Check Details

Version: 0.10.10
Check: tests
Result: ERROR
     Running ‘testthat.R’ [11s/17s]
    Running the tests in ‘tests/testthat.R’ failed.
    Complete output:
     > library("testthat")
     > library("HydeNet")
     Loading required package: nnet
     >
     > test_check("HydeNet")
     Compiling model graph
     Resolving undeclared variables
     Allocating nodes
     Graph information:
     Observed stochastic nodes: 0
     Unobserved stochastic nodes: 7
     Total graph size: 59
    
     Initializing model
    
     Compiling model graph
     Resolving undeclared variables
     Allocating nodes
     Graph information:
     Observed stochastic nodes: 0
     Unobserved stochastic nodes: 7
     Total graph size: 59
    
     Initializing model
    
     Compiling model graph
     Resolving undeclared variables
     Allocating nodes
     Graph information:
     Observed stochastic nodes: 2
     Unobserved stochastic nodes: 5
     Total graph size: 56
    
     Initializing model
    
     Compiling model graph
     Resolving undeclared variables
     Allocating nodes
     Graph information:
     Observed stochastic nodes: 2
     Unobserved stochastic nodes: 5
     Total graph size: 56
    
     Initializing model
    
     Compiling model graph
     Resolving undeclared variables
     Allocating nodes
     Graph information:
     Observed stochastic nodes: 2
     Unobserved stochastic nodes: 5
     Total graph size: 56
    
     Initializing model
    
     Compiling model graph
     Resolving undeclared variables
     Allocating nodes
     Graph information:
     Observed stochastic nodes: 2
     Unobserved stochastic nodes: 5
     Total graph size: 56
    
     Initializing model
    
     Compiling model graph
     Resolving undeclared variables
     Allocating nodes
     Graph information:
     Observed stochastic nodes: 0
     Unobserved stochastic nodes: 7
     Total graph size: 59
    
     Initializing model
    
     # weights: 12 (6 variable)
     initial value 35.155593
     iter 10 value 14.156582
     iter 20 value 14.031881
     iter 30 value 14.025659
     iter 40 value 14.021414
     iter 50 value 14.019824
     iter 60 value 14.019278
     iter 70 value 14.018601
     iter 80 value 14.018282
     iter 80 value 14.018282
     iter 90 value 14.017126
     final value 14.015374
     converged
     ── 1. Error: HydePlotOptions (@test-plot.HydeNetwork.R#21) ────────────────────
     Problem with `mutate()` input `new_fillcolor`.
     ✖ Must subset elements with a valid subscript vector.
     ✖ Subscript must be a simple vector, not a matrix.
     ℹ Input `new_fillcolor` is `dplyr::coalesce(hex, fillcolor)`.
     Backtrace:
     1. testthat::expect_silent(...)
     10. HydeNet:::plot.HydeNetwork(BlackJack)
     3. DiagrammeR::create_graph(...)
     11. DiagrammeR::render_graph(.)
     5. graph$nodes_df
     5. dplyr::left_join(...)
     12. dplyr::mutate(., new_fillcolor = dplyr::coalesce(hex, fillcolor))
     29. dplyr:::mutate_cols(.data, ...)
    
     Compiling model graph
     Resolving undeclared variables
     Allocating nodes
     Graph information:
     Observed stochastic nodes: 1
     Unobserved stochastic nodes: 6
     Total graph size: 54
    
     Initializing model
    
     # weights: 12 (6 variable)
     initial value 35.155593
     iter 10 value 14.156582
     iter 20 value 14.031881
     iter 30 value 14.025659
     iter 40 value 14.021414
     iter 50 value 14.019824
     iter 60 value 14.019278
     iter 70 value 14.018601
     iter 80 value 14.018282
     iter 80 value 14.018282
     iter 90 value 14.017126
     final value 14.015374
     converged
     ══ testthat results ═══════════════════════════════════════════════════════════
     [ OK: 68 | SKIPPED: 0 | WARNINGS: 5 | FAILED: 1 ]
     1. Error: HydePlotOptions (@test-plot.HydeNetwork.R#21)
    
     Error: testthat unit tests failed
     Execution halted
Flavor: r-devel-linux-x86_64-debian-gcc

Version: 0.10.10
Check: dependencies in R code
Result: NOTE
    Namespace in Imports field not imported from: ‘graph’
     All declared Imports should be used.
Flavors: r-devel-linux-x86_64-fedora-clang, r-devel-linux-x86_64-fedora-gcc, r-patched-solaris-x86, r-release-osx-x86_64, r-oldrel-osx-x86_64

Version: 0.10.10
Check: tests
Result: ERROR
     Running ‘testthat.R’ [17s/48s]
    Running the tests in ‘tests/testthat.R’ failed.
    Complete output:
     > library("testthat")
     > library("HydeNet")
     Loading required package: nnet
     >
     > test_check("HydeNet")
     Compiling model graph
     Resolving undeclared variables
     Allocating nodes
     Graph information:
     Observed stochastic nodes: 0
     Unobserved stochastic nodes: 7
     Total graph size: 59
    
     Initializing model
    
     Compiling model graph
     Resolving undeclared variables
     Allocating nodes
     Graph information:
     Observed stochastic nodes: 0
     Unobserved stochastic nodes: 7
     Total graph size: 59
    
     Initializing model
    
     Compiling model graph
     Resolving undeclared variables
     Allocating nodes
     Graph information:
     Observed stochastic nodes: 2
     Unobserved stochastic nodes: 5
     Total graph size: 56
    
     Initializing model
    
     Compiling model graph
     Resolving undeclared variables
     Allocating nodes
     Graph information:
     Observed stochastic nodes: 2
     Unobserved stochastic nodes: 5
     Total graph size: 56
    
     Initializing model
    
     Compiling model graph
     Resolving undeclared variables
     Allocating nodes
     Graph information:
     Observed stochastic nodes: 2
     Unobserved stochastic nodes: 5
     Total graph size: 56
    
     Initializing model
    
     Compiling model graph
     Resolving undeclared variables
     Allocating nodes
     Graph information:
     Observed stochastic nodes: 2
     Unobserved stochastic nodes: 5
     Total graph size: 56
    
     Initializing model
    
     Compiling model graph
     Resolving undeclared variables
     Allocating nodes
     Graph information:
     Observed stochastic nodes: 0
     Unobserved stochastic nodes: 7
     Total graph size: 59
    
     Initializing model
    
     # weights: 12 (6 variable)
     initial value 35.155593
     iter 10 value 14.156582
     iter 20 value 14.031881
     iter 30 value 14.025659
     iter 40 value 14.021414
     iter 50 value 14.019824
     iter 60 value 14.019278
     iter 70 value 14.018601
     iter 80 value 14.018282
     iter 80 value 14.018282
     iter 90 value 14.017126
     final value 14.015374
     converged
     ── 1. Error: HydePlotOptions (@test-plot.HydeNetwork.R#21) ────────────────────
     Problem with `mutate()` input `new_fillcolor`.
     ✖ Must subset elements with a valid subscript vector.
     ✖ Subscript must be a simple vector, not a matrix.
     ℹ Input `new_fillcolor` is `dplyr::coalesce(hex, fillcolor)`.
     Backtrace:
     1. testthat::expect_silent(...)
     10. HydeNet:::plot.HydeNetwork(BlackJack)
     3. DiagrammeR::create_graph(...)
     11. DiagrammeR::render_graph(.)
     5. graph$nodes_df
     5. dplyr::left_join(...)
     12. dplyr::mutate(., new_fillcolor = dplyr::coalesce(hex, fillcolor))
     29. dplyr:::mutate_cols(.data, ...)
    
     Compiling model graph
     Resolving undeclared variables
     Allocating nodes
     Graph information:
     Observed stochastic nodes: 1
     Unobserved stochastic nodes: 6
     Total graph size: 54
    
     Initializing model
    
     # weights: 12 (6 variable)
     initial value 35.155593
     iter 10 value 14.156582
     iter 20 value 14.031881
     iter 30 value 14.025659
     iter 40 value 14.021414
     iter 50 value 14.019824
     iter 60 value 14.019278
     iter 70 value 14.018601
     iter 80 value 14.018282
     iter 80 value 14.018282
     iter 90 value 14.017126
     final value 14.015374
     converged
     ══ testthat results ═══════════════════════════════════════════════════════════
     [ OK: 68 | SKIPPED: 0 | WARNINGS: 5 | FAILED: 1 ]
     1. Error: HydePlotOptions (@test-plot.HydeNetwork.R#21)
    
     Error: testthat unit tests failed
     Execution halted
Flavor: r-devel-linux-x86_64-fedora-clang

Version: 0.10.10
Check: tests
Result: ERROR
     Running ‘testthat.R’ [17s/44s]
    Running the tests in ‘tests/testthat.R’ failed.
    Complete output:
     > library("testthat")
     > library("HydeNet")
     Loading required package: nnet
     >
     > test_check("HydeNet")
     Compiling model graph
     Resolving undeclared variables
     Allocating nodes
     Graph information:
     Observed stochastic nodes: 0
     Unobserved stochastic nodes: 7
     Total graph size: 59
    
     Initializing model
    
     Compiling model graph
     Resolving undeclared variables
     Allocating nodes
     Graph information:
     Observed stochastic nodes: 0
     Unobserved stochastic nodes: 7
     Total graph size: 59
    
     Initializing model
    
     Compiling model graph
     Resolving undeclared variables
     Allocating nodes
     Graph information:
     Observed stochastic nodes: 2
     Unobserved stochastic nodes: 5
     Total graph size: 56
    
     Initializing model
    
     Compiling model graph
     Resolving undeclared variables
     Allocating nodes
     Graph information:
     Observed stochastic nodes: 2
     Unobserved stochastic nodes: 5
     Total graph size: 56
    
     Initializing model
    
     Compiling model graph
     Resolving undeclared variables
     Allocating nodes
     Graph information:
     Observed stochastic nodes: 2
     Unobserved stochastic nodes: 5
     Total graph size: 56
    
     Initializing model
    
     Compiling model graph
     Resolving undeclared variables
     Allocating nodes
     Graph information:
     Observed stochastic nodes: 2
     Unobserved stochastic nodes: 5
     Total graph size: 56
    
     Initializing model
    
     Compiling model graph
     Resolving undeclared variables
     Allocating nodes
     Graph information:
     Observed stochastic nodes: 0
     Unobserved stochastic nodes: 7
     Total graph size: 59
    
     Initializing model
    
     # weights: 12 (6 variable)
     initial value 35.155593
     iter 10 value 14.156582
     iter 20 value 14.031881
     iter 30 value 14.025659
     iter 40 value 14.021414
     iter 50 value 14.019824
     iter 60 value 14.019278
     iter 70 value 14.018601
     iter 80 value 14.018282
     iter 80 value 14.018282
     iter 90 value 14.017126
     final value 14.015374
     converged
     ── 1. Error: HydePlotOptions (@test-plot.HydeNetwork.R#21) ────────────────────
     Problem with `mutate()` input `new_fillcolor`.
     ✖ Must subset elements with a valid subscript vector.
     ✖ Subscript must be a simple vector, not a matrix.
     ℹ Input `new_fillcolor` is `dplyr::coalesce(hex, fillcolor)`.
     Backtrace:
     1. testthat::expect_silent(...)
     10. HydeNet:::plot.HydeNetwork(BlackJack)
     3. DiagrammeR::create_graph(...)
     11. DiagrammeR::render_graph(.)
     5. graph$nodes_df
     5. dplyr::left_join(...)
     12. dplyr::mutate(., new_fillcolor = dplyr::coalesce(hex, fillcolor))
     29. dplyr:::mutate_cols(.data, ...)
    
     Compiling model graph
     Resolving undeclared variables
     Allocating nodes
     Graph information:
     Observed stochastic nodes: 1
     Unobserved stochastic nodes: 6
     Total graph size: 54
    
     Initializing model
    
     # weights: 12 (6 variable)
     initial value 35.155593
     iter 10 value 14.156582
     iter 20 value 14.031881
     iter 30 value 14.025659
     iter 40 value 14.021414
     iter 50 value 14.019824
     iter 60 value 14.019278
     iter 70 value 14.018601
     iter 80 value 14.018282
     iter 80 value 14.018282
     iter 90 value 14.017126
     final value 14.015374
     converged
     ══ testthat results ═══════════════════════════════════════════════════════════
     [ OK: 68 | SKIPPED: 0 | WARNINGS: 5 | FAILED: 1 ]
     1. Error: HydePlotOptions (@test-plot.HydeNetwork.R#21)
    
     Error: testthat unit tests failed
     Execution halted
Flavor: r-devel-linux-x86_64-fedora-gcc

Version: 0.10.10
Check: tests
Result: ERROR
     Running ‘testthat.R’ [22s/27s]
    Running the tests in ‘tests/testthat.R’ failed.
    Complete output:
     > library("testthat")
     > library("HydeNet")
     Loading required package: nnet
     >
     > test_check("HydeNet")
     Compiling model graph
     Resolving undeclared variables
     Allocating nodes
     Graph information:
     Observed stochastic nodes: 0
     Unobserved stochastic nodes: 7
     Total graph size: 59
    
     Initializing model
    
     Compiling model graph
     Resolving undeclared variables
     Allocating nodes
     Graph information:
     Observed stochastic nodes: 0
     Unobserved stochastic nodes: 7
     Total graph size: 59
    
     Initializing model
    
     Compiling model graph
     Resolving undeclared variables
     Allocating nodes
     Graph information:
     Observed stochastic nodes: 2
     Unobserved stochastic nodes: 5
     Total graph size: 56
    
     Initializing model
    
     Compiling model graph
     Resolving undeclared variables
     Allocating nodes
     Graph information:
     Observed stochastic nodes: 2
     Unobserved stochastic nodes: 5
     Total graph size: 56
    
     Initializing model
    
     Compiling model graph
     Resolving undeclared variables
     Allocating nodes
     Graph information:
     Observed stochastic nodes: 2
     Unobserved stochastic nodes: 5
     Total graph size: 56
    
     Initializing model
    
     Compiling model graph
     Resolving undeclared variables
     Allocating nodes
     Graph information:
     Observed stochastic nodes: 2
     Unobserved stochastic nodes: 5
     Total graph size: 56
    
     Initializing model
    
     Compiling model graph
     Resolving undeclared variables
     Allocating nodes
     Graph information:
     Observed stochastic nodes: 0
     Unobserved stochastic nodes: 7
     Total graph size: 59
    
     Initializing model
    
     # weights: 12 (6 variable)
     initial value 35.155593
     iter 10 value 14.156582
     iter 20 value 14.031881
     iter 30 value 14.025659
     iter 40 value 14.021414
     iter 50 value 14.019824
     iter 60 value 14.019278
     iter 70 value 14.018601
     iter 80 value 14.018282
     iter 80 value 14.018282
     iter 90 value 14.017126
     final value 14.015374
     converged
     ── 1. Error: HydePlotOptions (@test-plot.HydeNetwork.R#21) ────────────────────
     Problem with `mutate()` input `new_fillcolor`.
     ✖ Must subset elements with a valid subscript vector.
     ✖ Subscript must be a simple vector, not a matrix.
     ℹ Input `new_fillcolor` is `dplyr::coalesce(hex, fillcolor)`.
     Backtrace:
     1. testthat::expect_silent(...)
     10. HydeNet:::plot.HydeNetwork(BlackJack)
     3. DiagrammeR::create_graph(...)
     11. DiagrammeR::render_graph(.)
     5. graph$nodes_df
     5. dplyr::left_join(...)
     12. dplyr::mutate(., new_fillcolor = dplyr::coalesce(hex, fillcolor))
     29. dplyr:::mutate_cols(.data, ...)
    
     Compiling model graph
     Resolving undeclared variables
     Allocating nodes
     Graph information:
     Observed stochastic nodes: 1
     Unobserved stochastic nodes: 6
     Total graph size: 54
    
     Initializing model
    
     # weights: 12 (6 variable)
     initial value 35.155593
     iter 10 value 14.156582
     iter 20 value 14.031881
     iter 30 value 14.025659
     iter 40 value 14.021414
     iter 50 value 14.019824
     iter 60 value 14.019278
     iter 70 value 14.018601
     iter 80 value 14.018282
     iter 80 value 14.018282
     iter 90 value 14.017126
     final value 14.015374
     converged
     ══ testthat results ═══════════════════════════════════════════════════════════
     [ OK: 68 | SKIPPED: 0 | WARNINGS: 5 | FAILED: 1 ]
     1. Error: HydePlotOptions (@test-plot.HydeNetwork.R#21)
    
     Error: testthat unit tests failed
     Execution halted
Flavor: r-patched-solaris-x86

Version: 0.10.10
Check: tests
Result: ERROR
     Running ‘testthat.R’ [14s/16s]
    Running the tests in ‘tests/testthat.R’ failed.
    Complete output:
     > library("testthat")
     > library("HydeNet")
     Loading required package: nnet
     >
     > test_check("HydeNet")
     Compiling model graph
     Resolving undeclared variables
     Allocating nodes
     Graph information:
     Observed stochastic nodes: 0
     Unobserved stochastic nodes: 7
     Total graph size: 59
    
     Initializing model
    
     Compiling model graph
     Resolving undeclared variables
     Allocating nodes
     Graph information:
     Observed stochastic nodes: 0
     Unobserved stochastic nodes: 7
     Total graph size: 59
    
     Initializing model
    
     Compiling model graph
     Resolving undeclared variables
     Allocating nodes
     Graph information:
     Observed stochastic nodes: 2
     Unobserved stochastic nodes: 5
     Total graph size: 56
    
     Initializing model
    
     Compiling model graph
     Resolving undeclared variables
     Allocating nodes
     Graph information:
     Observed stochastic nodes: 2
     Unobserved stochastic nodes: 5
     Total graph size: 56
    
     Initializing model
    
     Compiling model graph
     Resolving undeclared variables
     Allocating nodes
     Graph information:
     Observed stochastic nodes: 2
     Unobserved stochastic nodes: 5
     Total graph size: 56
    
     Initializing model
    
     Compiling model graph
     Resolving undeclared variables
     Allocating nodes
     Graph information:
     Observed stochastic nodes: 2
     Unobserved stochastic nodes: 5
     Total graph size: 56
    
     Initializing model
    
     Compiling model graph
     Resolving undeclared variables
     Allocating nodes
     Graph information:
     Observed stochastic nodes: 0
     Unobserved stochastic nodes: 7
     Total graph size: 59
    
     Initializing model
    
     # weights: 12 (6 variable)
     initial value 35.155593
     iter 10 value 14.156582
     iter 20 value 14.031881
     iter 30 value 14.025659
     iter 40 value 14.021414
     iter 50 value 14.019824
     iter 60 value 14.019278
     iter 70 value 14.018601
     iter 80 value 14.018282
     iter 80 value 14.018282
     iter 90 value 14.017126
     final value 14.015374
     converged
     ── 1. Error: HydePlotOptions (@test-plot.HydeNetwork.R#21) ────────────────────
     Problem with `mutate()` input `new_fillcolor`.
     ✖ Must subset elements with a valid subscript vector.
     ✖ Subscript must be a simple vector, not a matrix.
     ℹ Input `new_fillcolor` is `dplyr::coalesce(hex, fillcolor)`.
     Backtrace:
     1. testthat::expect_silent(...)
     10. HydeNet:::plot.HydeNetwork(BlackJack)
     3. DiagrammeR::create_graph(...)
     11. DiagrammeR::render_graph(.)
     5. graph$nodes_df
     5. dplyr::left_join(...)
     12. dplyr::mutate(., new_fillcolor = dplyr::coalesce(hex, fillcolor))
     29. dplyr:::mutate_cols(.data, ...)
    
     Compiling model graph
     Resolving undeclared variables
     Allocating nodes
     Graph information:
     Observed stochastic nodes: 1
     Unobserved stochastic nodes: 6
     Total graph size: 54
    
     Initializing model
    
     # weights: 12 (6 variable)
     initial value 35.155593
     iter 10 value 14.156582
     iter 20 value 14.031881
     iter 30 value 14.025659
     iter 40 value 14.021414
     iter 50 value 14.019824
     iter 60 value 14.019278
     iter 70 value 14.018601
     iter 80 value 14.018282
     iter 80 value 14.018282
     iter 90 value 14.017126
     final value 14.015374
     converged
     ══ testthat results ═══════════════════════════════════════════════════════════
     [ OK: 68 | SKIPPED: 0 | WARNINGS: 5 | FAILED: 1 ]
     1. Error: HydePlotOptions (@test-plot.HydeNetwork.R#21)
    
     Error: testthat unit tests failed
     Execution halted
Flavor: r-release-linux-x86_64