CRAN Package Check Results for Package ICAOD

Last updated on 2021-04-18 01:49:22 CEST.

Flavor Version Tinstall Tcheck Ttotal Status Flags
r-devel-linux-x86_64-debian-clang 1.0.1 153.49 124.80 278.29 NOTE
r-devel-linux-x86_64-debian-gcc 1.0.1 96.82 91.73 188.55 NOTE
r-devel-linux-x86_64-fedora-clang 1.0.1 393.56 NOTE
r-devel-linux-x86_64-fedora-gcc 1.0.1 331.87 NOTE
r-devel-windows-ix86+x86_64 1.0.1 348.00 222.00 570.00 NOTE
r-devel-windows-x86_64-gcc10-UCRT 1.0.1 NOTE
r-patched-linux-x86_64 1.0.1 117.57 112.80 230.37 OK
r-patched-solaris-x86 1.0.1 294.90 OK
r-release-linux-x86_64 1.0.1 117.06 112.65 229.71 OK
r-release-macos-x86_64 1.0.1 NOTE
r-release-windows-ix86+x86_64 1.0.1 297.00 227.00 524.00 OK
r-oldrel-macos-x86_64 1.0.1 NOTE
r-oldrel-windows-ix86+x86_64 1.0.1 229.00 205.00 434.00 OK

Check Details

Version: 1.0.1
Check: LazyData
Result: NOTE
     'LazyData' is specified without a 'data' directory
Flavors: r-devel-linux-x86_64-debian-clang, r-devel-linux-x86_64-debian-gcc, r-devel-linux-x86_64-fedora-clang, r-devel-linux-x86_64-fedora-gcc, r-devel-windows-ix86+x86_64, r-devel-windows-x86_64-gcc10-UCRT

Version: 1.0.1
Check: installed package size
Result: NOTE
     installed size is 7.9Mb
     sub-directories of 1Mb or more:
     libs 7.2Mb
Flavors: r-devel-linux-x86_64-fedora-clang, r-release-macos-x86_64, r-oldrel-macos-x86_64