CRAN Package Check Results for Package ICD10gm

Last updated on 2021-12-06 00:48:31 CET.

Flavor Version Tinstall Tcheck Ttotal Status Flags
r-devel-linux-x86_64-debian-clang 1.2.2 38.78 187.05 225.83 OK
r-devel-linux-x86_64-debian-gcc 1.2.2 37.32 138.64 175.96 OK
r-devel-linux-x86_64-fedora-clang 1.2.4 314.11 NOTE
r-devel-linux-x86_64-fedora-gcc 1.2.2 288.79 NOTE
r-devel-windows-x86_64-new-UL 1.2.2 61.00 227.00 288.00 OK
r-devel-windows-x86_64-new-TK 1.2.2 NOTE
r-devel-windows-x86_64-old 1.2.2 58.00 169.00 227.00 OK
r-patched-linux-x86_64 1.2.2 38.62 173.69 212.31 OK
r-release-linux-x86_64 1.2.2 40.07 182.95 223.02 OK
r-release-macos-arm64 1.2.2 NOTE
r-release-macos-x86_64 1.2.2 NOTE
r-release-windows-ix86+x86_64 1.2.2 62.00 217.00 279.00 OK
r-oldrel-macos-x86_64 1.2.2 NOTE
r-oldrel-windows-ix86+x86_64 1.2.2 62.00 223.00 285.00 OK

Check Details

Version: 1.2.4
Check: data for non-ASCII characters
Result: NOTE
     Note: found 329984 marked UTF-8 strings
Flavor: r-devel-linux-x86_64-fedora-clang

Version: 1.2.2
Check: data for non-ASCII characters
Result: NOTE
     Note: found 303398 marked UTF-8 strings
Flavors: r-devel-linux-x86_64-fedora-gcc, r-devel-windows-x86_64-new-TK, r-release-macos-arm64, r-release-macos-x86_64, r-oldrel-macos-x86_64