CRAN Package Check Results for Package ICDS

Last updated on 2020-04-09 01:53:14 CEST.

Flavor Version Tinstall Tcheck Ttotal Status Flags
r-devel-linux-x86_64-debian-clang 0.1.1 20.74 208.98 229.72 OK
r-devel-linux-x86_64-debian-gcc 0.1.1 19.41 157.05 176.46 OK
r-devel-linux-x86_64-fedora-clang 0.1.1 305.91 OK
r-devel-linux-x86_64-fedora-gcc 0.1.1 269.43 OK
r-devel-windows-ix86+x86_64 0.1.1 4.00 6.00 10.00 ERROR
r-devel-windows-ix86+x86_64-gcc8 0.1.1 7.00 5.00 12.00 ERROR
r-patched-linux-x86_64 0.1.1 20.48 196.99 217.47 OK
r-patched-solaris-x86 0.1.1 399.80 OK
r-release-linux-x86_64 0.1.1 18.75 180.23 198.98 OK
r-release-windows-ix86+x86_64 0.1.1 3.00 7.00 10.00 ERROR
r-release-osx-x86_64 0.1.1 ERROR
r-oldrel-windows-ix86+x86_64 0.1.1 33.00 334.00 367.00 OK
r-oldrel-osx-x86_64 0.1.1 ERROR

Check Details

Version: 0.1.1
Check: whether package can be installed
Result: ERROR
    Installation failed.
Flavors: r-devel-windows-ix86+x86_64, r-devel-windows-ix86+x86_64-gcc8, r-release-windows-ix86+x86_64

Version: 0.1.1
Check: package dependencies
Result: ERROR
    Package required but not available: ‘org.Hs.eg.db’
    
    See section ‘The DESCRIPTION file’ in the ‘Writing R Extensions’
    manual.
Flavor: r-release-osx-x86_64

Version: 0.1.1
Check: package dependencies
Result: ERROR
    Package required but not available: ‘graphite’
    
    See section ‘The DESCRIPTION file’ in the ‘Writing R Extensions’
    manual.
Flavor: r-oldrel-osx-x86_64