CRAN Package Check Results for Package IFC

Last updated on 2021-04-20 01:47:08 CEST.

Flavor Version Tinstall Tcheck Ttotal Status Flags
r-devel-linux-x86_64-debian-clang 0.1.1 49.44 98.30 147.74 NOTE
r-devel-linux-x86_64-debian-gcc 0.1.1 39.57 73.37 112.94 NOTE
r-devel-linux-x86_64-fedora-clang 0.1.1 197.31 NOTE
r-devel-linux-x86_64-fedora-gcc 0.1.1 180.96 NOTE
r-devel-windows-ix86+x86_64 0.1.1 116.00 110.00 226.00 NOTE
r-devel-windows-x86_64-gcc10-UCRT 0.1.1 NOTE
r-patched-linux-x86_64 0.1.1 47.28 87.38 134.66 NOTE
r-patched-solaris-x86 0.1.1 193.30 NOTE
r-release-linux-x86_64 0.1.1 46.35 85.92 132.27 NOTE
r-release-macos-x86_64 0.1.1 NOTE
r-release-windows-ix86+x86_64 0.1.1 110.00 143.00 253.00 NOTE
r-oldrel-macos-x86_64 0.1.1 NOTE
r-oldrel-windows-ix86+x86_64 0.1.1 76.00 131.00 207.00 NOTE

Check Details

Version: 0.1.1
Check: package dependencies
Result: NOTE
    Package suggested but not available for checking: 'IFCdata'
Flavors: r-devel-linux-x86_64-debian-clang, r-devel-linux-x86_64-debian-gcc, r-devel-linux-x86_64-fedora-clang, r-devel-linux-x86_64-fedora-gcc, r-devel-windows-ix86+x86_64, r-devel-windows-x86_64-gcc10-UCRT, r-patched-linux-x86_64, r-patched-solaris-x86, r-release-linux-x86_64, r-release-macos-x86_64, r-release-windows-ix86+x86_64, r-oldrel-macos-x86_64, r-oldrel-windows-ix86+x86_64