Last updated on 2023-01-27 00:51:05 CET.
Flavor | Version | Tinstall | Tcheck | Ttotal | Status | Flags |
---|---|---|---|---|---|---|
r-devel-linux-x86_64-debian-clang | 0.3.2 | 18.15 | 102.80 | 120.95 | OK | |
r-devel-linux-x86_64-debian-gcc | 0.3.2 | 15.00 | 74.79 | 89.79 | OK | |
r-devel-linux-x86_64-fedora-clang | 0.3.2 | 155.82 | NOTE | |||
r-devel-linux-x86_64-fedora-gcc | 0.3.2 | 163.63 | OK | |||
r-devel-windows-x86_64 | 0.3.2 | 39.00 | 124.00 | 163.00 | OK | |
r-patched-linux-x86_64 | 0.3.2 | 17.91 | 101.14 | 119.05 | OK | |
r-release-linux-x86_64 | 0.3.2 | 15.92 | 100.80 | 116.72 | OK | |
r-release-macos-arm64 | 0.3.2 | 43.00 | OK | |||
r-release-macos-x86_64 | 0.3.2 | 69.00 | OK | |||
r-release-windows-x86_64 | 0.3.2 | 52.00 | 128.00 | 180.00 | OK | |
r-oldrel-macos-arm64 | 0.3.2 | 43.00 | OK | |||
r-oldrel-macos-x86_64 | 0.3.2 | 55.00 | OK | |||
r-oldrel-windows-ix86+x86_64 | 0.3.2 | 42.00 | 135.00 | 177.00 | OK |
Version: 0.3.2
Check: package dependencies
Result: NOTE
Imports includes 30 non-default packages.
Importing from so many packages makes the package vulnerable to any of
them becoming unavailable. Move as many as possible to Suggests and
use conditionally.
Flavor: r-devel-linux-x86_64-fedora-clang