CRAN Package Check Results for Package IMIX

Last updated on 2021-09-23 01:49:40 CEST.

Flavor Version Tinstall Tcheck Ttotal Status Flags
r-devel-linux-x86_64-debian-clang 1.1.4 6.70 66.22 72.92 OK
r-devel-linux-x86_64-debian-gcc 1.1.4 5.24 48.75 53.99 OK
r-devel-linux-x86_64-fedora-clang 1.1.4 94.83 OK
r-devel-linux-x86_64-fedora-gcc 1.1.4 82.45 OK
r-devel-windows-x86_64 1.1.4 11.00 62.00 73.00 OK
r-devel-windows-x86_64-gcc10-UCRT 1.1.4 ERROR
r-patched-linux-x86_64 1.1.4 6.84 61.42 68.26 OK
r-patched-solaris-x86 1.1.4 120.40 OK
r-release-linux-x86_64 1.1.4 6.54 61.31 67.85 OK
r-release-macos-arm64 1.1.4 OK
r-release-macos-x86_64 1.1.4 OK
r-release-windows-ix86+x86_64 1.1.4 17.00 87.00 104.00 OK
r-oldrel-macos-x86_64 1.1.4 OK
r-oldrel-windows-ix86+x86_64 1.1.4 12.00 61.00 73.00 OK

Check Details

Version: 1.1.4
Check: PDF version of manual
Result: WARN
    LaTeX errors when creating PDF version.
    This typically indicates Rd problems.
Flavor: r-devel-windows-x86_64-gcc10-UCRT

Version: 1.1.4
Check: PDF version of manual without hyperrefs or index
Result: ERROR
    Re-running with no redirection of stdout/stderr.
Flavor: r-devel-windows-x86_64-gcc10-UCRT