Last updated on 2023-01-28 01:50:12 CET.
Flavor | Version | Tinstall | Tcheck | Ttotal | Status | Flags |
---|---|---|---|---|---|---|
r-devel-linux-x86_64-debian-clang | 0.1.0 | 26.02 | 206.30 | 232.32 | NOTE | |
r-devel-linux-x86_64-debian-gcc | 0.1.0 | 20.64 | 152.27 | 172.91 | NOTE | |
r-devel-linux-x86_64-fedora-clang | 0.1.0 | 283.23 | NOTE | |||
r-devel-linux-x86_64-fedora-gcc | 0.1.0 | 289.39 | NOTE | |||
r-devel-windows-x86_64 | 0.1.0 | 75.00 | 233.00 | 308.00 | NOTE | |
r-patched-linux-x86_64 | 0.1.0 | 27.00 | 195.53 | 222.53 | OK | |
r-release-linux-x86_64 | 0.1.0 | 23.51 | 198.86 | 222.37 | OK | |
r-release-macos-arm64 | 0.1.0 | 67.00 | OK | |||
r-release-macos-x86_64 | 0.1.0 | 113.00 | OK | |||
r-release-windows-x86_64 | 0.1.0 | 76.00 | 229.00 | 305.00 | OK | |
r-oldrel-macos-arm64 | 0.1.0 | 78.00 | OK | |||
r-oldrel-macos-x86_64 | 0.1.0 | 104.00 | OK | |||
r-oldrel-windows-ix86+x86_64 | 0.1.0 | 59.00 | 223.00 | 282.00 | OK |
Version: 0.1.0
Check: package subdirectories
Result: NOTE
Problems with news in ‘NEWS.md’:
Cannot extract version info from the following section titles:
INSPECTumours (development version)
Flavors: r-devel-linux-x86_64-debian-clang, r-devel-linux-x86_64-debian-gcc, r-devel-linux-x86_64-fedora-clang, r-devel-linux-x86_64-fedora-gcc, r-devel-windows-x86_64
Version: 0.1.0
Check: package dependencies
Result: NOTE
Imports includes 25 non-default packages.
Importing from so many packages makes the package vulnerable to any of
them becoming unavailable. Move as many as possible to Suggests and
use conditionally.
Flavor: r-devel-linux-x86_64-fedora-clang