Last updated on 2023-01-27 00:51:05 CET.
Flavor | Version | Tinstall | Tcheck | Ttotal | Status | Flags |
---|---|---|---|---|---|---|
r-devel-linux-x86_64-debian-clang | 0.1.6.3 | 46.70 | 141.92 | 188.62 | OK | |
r-devel-linux-x86_64-debian-gcc | 0.1.6.3 | 39.68 | 99.35 | 139.03 | OK | |
r-devel-linux-x86_64-fedora-clang | 0.1.6.3 | 242.59 | NOTE | |||
r-devel-linux-x86_64-fedora-gcc | 0.1.6.3 | 223.19 | NOTE | |||
r-devel-windows-x86_64 | 0.1.6.3 | 225.00 | 233.00 | 458.00 | OK | |
r-patched-linux-x86_64 | 0.1.6.3 | 44.68 | 126.95 | 171.63 | OK | |
r-release-linux-x86_64 | 0.1.6.3 | 40.24 | 128.70 | 168.94 | OK | |
r-release-macos-arm64 | 0.1.6.3 | 61.00 | NOTE | |||
r-release-macos-x86_64 | 0.1.6.3 | 118.00 | NOTE | |||
r-release-windows-x86_64 | 0.1.6.3 | 193.00 | 194.00 | 387.00 | OK | |
r-oldrel-macos-arm64 | 0.1.6.3 | 51.00 | NOTE | |||
r-oldrel-macos-x86_64 | 0.1.6.3 | 83.00 | NOTE | |||
r-oldrel-windows-ix86+x86_64 | 0.1.6.3 | 106.00 | 268.00 | 374.00 | NOTE |
Version: 0.1.6.3
Check: data for non-ASCII characters
Result: NOTE
Note: found 102 marked UTF-8 strings
Flavors: r-devel-linux-x86_64-fedora-clang, r-devel-linux-x86_64-fedora-gcc, r-release-macos-arm64, r-release-macos-x86_64, r-oldrel-macos-arm64, r-oldrel-macos-x86_64
Version: 0.1.6.3
Check: C++ specification
Result: NOTE
Specified C++11: please update to current default of C++17
Flavor: r-devel-linux-x86_64-fedora-gcc
Version: 0.1.6.3
Check: package dependencies
Result: NOTE
Package suggested but not available for checking: ‘ComplexHeatmap’
Flavor: r-release-macos-arm64
Version: 0.1.6.3
Check: installed package size
Result: NOTE
installed size is 5.2Mb
sub-directories of 1Mb or more:
data 1.4Mb
libs 2.1Mb
Flavors: r-oldrel-macos-arm64, r-oldrel-windows-ix86+x86_64