CRAN Package Check Results for Package IOHanalyzer

Last updated on 2022-01-23 00:57:15 CET.

Flavor Version Tinstall Tcheck Ttotal Status Flags
r-devel-linux-x86_64-debian-clang 0.1.6.1 43.34 133.79 177.13 OK
r-devel-linux-x86_64-debian-gcc 0.1.6.1 36.12 96.11 132.23 OK
r-devel-linux-x86_64-fedora-clang 0.1.6.1 220.05 NOTE
r-devel-linux-x86_64-fedora-gcc 0.1.6.1 200.96 NOTE
r-devel-windows-x86_64-new-UL 0.1.6.1 409.00 182.00 591.00 OK
r-devel-windows-x86_64-new-TK 0.1.6.1 NOTE
r-patched-linux-x86_64 0.1.6.1 35.52 121.05 156.57 OK
r-release-linux-x86_64 0.1.6.1 30.25 120.74 150.99 OK
r-release-macos-arm64 0.1.6.1 NOTE
r-release-macos-x86_64 0.1.6.1 NOTE
r-release-windows-ix86+x86_64 0.1.6.1 103.00 240.00 343.00 NOTE
r-oldrel-macos-x86_64 0.1.6.1 NOTE
r-oldrel-windows-ix86+x86_64 0.1.6.1 102.00 235.00 337.00 NOTE

Check Details

Version: 0.1.6.1
Check: dependencies in R code
Result: NOTE
    Namespaces in Imports field not imported from:
     ‘DT’ ‘bsplus’ ‘colourpicker’ ‘kableExtra’ ‘markdown’ ‘shinydashboard’
     ‘shinyjs’
     All declared Imports should be used.
Flavors: r-devel-linux-x86_64-fedora-clang, r-devel-linux-x86_64-fedora-gcc, r-devel-windows-x86_64-new-TK, r-release-macos-arm64, r-release-macos-x86_64, r-oldrel-macos-x86_64

Version: 0.1.6.1
Check: data for non-ASCII characters
Result: NOTE
     Note: found 102 marked UTF-8 strings
Flavors: r-devel-linux-x86_64-fedora-clang, r-devel-linux-x86_64-fedora-gcc, r-devel-windows-x86_64-new-TK, r-release-macos-arm64, r-release-macos-x86_64, r-oldrel-macos-x86_64

Version: 0.1.6.1
Check: installed package size
Result: NOTE
     installed size is 5.2Mb
     sub-directories of 1Mb or more:
     data 1.4Mb
     libs 2.1Mb
Flavors: r-release-macos-arm64, r-release-windows-ix86+x86_64, r-oldrel-windows-ix86+x86_64