CRAN Package Check Results for Package IOHanalyzer

Last updated on 2020-06-05 01:50:05 CEST.

Flavor Version Tinstall Tcheck Ttotal Status Flags
r-devel-linux-x86_64-debian-clang 0.1.3 69.28 106.43 175.71 OK
r-devel-linux-x86_64-debian-gcc 0.1.3 54.61 86.40 141.01 OK
r-devel-linux-x86_64-fedora-clang 0.1.3 221.80 NOTE
r-devel-linux-x86_64-fedora-gcc 0.1.3 201.65 NOTE
r-devel-windows-ix86+x86_64 0.1.3 154.00 171.00 325.00 NOTE
r-patched-linux-x86_64 0.1.3 56.93 99.99 156.92 OK
r-patched-solaris-x86 0.1.3 223.60 NOTE
r-release-linux-x86_64 0.1.3 61.11 99.66 160.77 OK
r-release-osx-x86_64 0.1.3 NOTE
r-release-windows-ix86+x86_64 0.1.3 110.00 176.00 286.00 NOTE
r-oldrel-osx-x86_64 0.1.3 NOTE
r-oldrel-windows-ix86+x86_64 0.1.3 138.00 249.00 387.00 OK

Check Details

Version: 0.1.3
Check: package dependencies
Result: NOTE
    Imports includes 22 non-default packages.
    Importing from so many packages makes the package vulnerable to any of
    them becoming unavailable. Move as many as possible to Suggests and
    use conditionally.
Flavor: r-devel-linux-x86_64-fedora-clang

Version: 0.1.3
Check: dependencies in R code
Result: NOTE
    Namespaces in Imports field not imported from:
     ‘DT’ ‘bsplus’ ‘colourpicker’ ‘kableExtra’ ‘markdown’ ‘reshape2’
     ‘shinydashboard’ ‘shinyjs’
     All declared Imports should be used.
Flavors: r-devel-linux-x86_64-fedora-clang, r-devel-linux-x86_64-fedora-gcc, r-patched-solaris-x86, r-release-osx-x86_64, r-oldrel-osx-x86_64

Version: 0.1.3
Check: data for non-ASCII characters
Result: NOTE
     Note: found 75 marked UTF-8 strings
Flavors: r-devel-linux-x86_64-fedora-clang, r-devel-linux-x86_64-fedora-gcc, r-patched-solaris-x86, r-release-osx-x86_64, r-oldrel-osx-x86_64

Version: 0.1.3
Check: installed package size
Result: NOTE
     installed size is 5.1Mb
     sub-directories of 1Mb or more:
     data 1.4Mb
     libs 2.3Mb
Flavors: r-devel-windows-ix86+x86_64, r-release-windows-ix86+x86_64