CRAN Package Check Results for Package IOHanalyzer

Last updated on 2019-12-06 00:49:59 CET.

Flavor Version Tinstall Tcheck Ttotal Status Flags
r-devel-linux-x86_64-debian-clang 0.1.1 62.44 82.95 145.39 OK
r-devel-linux-x86_64-debian-gcc 0.1.1 48.97 63.59 112.56 OK
r-devel-linux-x86_64-fedora-clang 0.1.1 171.64 NOTE
r-devel-linux-x86_64-fedora-gcc 0.1.1 167.86 NOTE
r-devel-windows-ix86+x86_64 0.1.1 103.00 142.00 245.00 OK
r-devel-windows-ix86+x86_64-gcc8 0.1.1 121.00 143.00 264.00 OK
r-patched-linux-x86_64 0.1.1 50.70 71.18 121.88 OK
r-patched-solaris-x86 0.1.1 186.80 NOTE
r-release-linux-x86_64 0.1.1 50.81 70.07 120.88 OK
r-release-windows-ix86+x86_64 0.1.1 91.00 127.00 218.00 OK
r-release-osx-x86_64 0.1.1 NOTE
r-oldrel-windows-ix86+x86_64 0.1.1 92.00 116.00 208.00 OK
r-oldrel-osx-x86_64 0.1.1 NOTE

Check Details

Version: 0.1.1
Check: dependencies in R code
Result: NOTE
    Namespaces in Imports field not imported from:
     ‘DT’ ‘bsplus’ ‘colourpicker’ ‘markdown’ ‘reshape2’ ‘shinydashboard’
     ‘shinyjs’
     All declared Imports should be used.
Flavors: r-devel-linux-x86_64-fedora-clang, r-devel-linux-x86_64-fedora-gcc, r-patched-solaris-x86, r-release-osx-x86_64, r-oldrel-osx-x86_64