Last updated on 2022-08-13 02:51:33 CEST.
Flavor | Version | Tinstall | Tcheck | Ttotal | Status | Flags |
---|---|---|---|---|---|---|
r-devel-linux-x86_64-debian-clang | 0.7.5 | 16.07 | 172.69 | 188.76 | OK | |
r-devel-linux-x86_64-debian-gcc | 0.7.5 | 12.51 | 124.49 | 137.00 | OK | |
r-devel-linux-x86_64-fedora-clang | 0.7.5 | 239.23 | NOTE | |||
r-devel-linux-x86_64-fedora-gcc | 0.7.5 | 230.23 | NOTE | |||
r-devel-windows-x86_64 | 0.7.5 | 59.00 | 231.00 | 290.00 | OK | |
r-patched-linux-x86_64 | 0.7.5 | 15.33 | 157.34 | 172.67 | OK | |
r-release-linux-x86_64 | 0.7.5 | 15.64 | 160.60 | 176.24 | OK | |
r-release-macos-arm64 | 0.7.5 | 60.00 | NOTE | |||
r-release-macos-x86_64 | 0.7.5 | 117.00 | NOTE | |||
r-release-windows-x86_64 | 0.7.5 | 73.00 | 220.00 | 293.00 | OK | |
r-oldrel-macos-arm64 | 0.7.5 | 56.00 | NOTE | |||
r-oldrel-macos-x86_64 | 0.7.5 | 82.00 | NOTE | |||
r-oldrel-windows-ix86+x86_64 | 0.7.5 | 53.00 | 257.00 | 310.00 | OK |
Version: 0.7.5
Check: dependencies in R code
Result: NOTE
Namespaces in Imports field not imported from:
‘gmodels’ ‘lmtest’ ‘testthat’ ‘tidyverse’ ‘zoo’
All declared Imports should be used.
Flavors: r-devel-linux-x86_64-fedora-clang, r-devel-linux-x86_64-fedora-gcc, r-release-macos-arm64, r-release-macos-x86_64, r-oldrel-macos-arm64, r-oldrel-macos-x86_64