Last updated on 2023-06-05 07:52:55 CEST.
Flavor | Version | Tinstall | Tcheck | Ttotal | Status | Flags |
---|---|---|---|---|---|---|
r-devel-linux-x86_64-debian-clang | 0.7.5 | 15.54 | 152.45 | 167.99 | OK | |
r-devel-linux-x86_64-debian-gcc | 0.7.5 | 10.79 | 114.10 | 124.89 | OK | |
r-devel-linux-x86_64-fedora-clang | 0.7.5 | 216.61 | NOTE | |||
r-devel-linux-x86_64-fedora-gcc | 0.7.5 | 216.39 | NOTE | |||
r-devel-windows-x86_64 | 0.7.5 | 17.00 | 130.00 | 147.00 | OK | |
r-patched-linux-x86_64 | 0.7.5 | 12.86 | 137.75 | 150.61 | OK | |
r-release-linux-x86_64 | 0.7.5 | 16.23 | 138.86 | 155.09 | OK | |
r-release-macos-arm64 | 0.7.5 | 76.00 | OK | |||
r-release-macos-x86_64 | 0.7.5 | 123.00 | OK | |||
r-release-windows-x86_64 | 0.7.5 | 20.00 | 157.00 | 177.00 | OK | |
r-oldrel-macos-arm64 | 0.7.5 | 60.00 | NOTE | |||
r-oldrel-macos-x86_64 | 0.7.5 | 117.00 | NOTE | |||
r-oldrel-windows-x86_64 | 0.7.5 | 18.00 | 155.00 | 173.00 | OK |
Version: 0.7.5
Check: dependencies in R code
Result: NOTE
Namespaces in Imports field not imported from:
‘gmodels’ ‘lmtest’ ‘testthat’ ‘tidyverse’ ‘zoo’
All declared Imports should be used.
Flavors: r-devel-linux-x86_64-fedora-clang, r-devel-linux-x86_64-fedora-gcc, r-oldrel-macos-arm64, r-oldrel-macos-x86_64