CRAN Package Check Results for Package IRTShiny

Last updated on 2022-08-15 02:53:45 CEST.

Flavor Version Tinstall Tcheck Ttotal Status Flags
r-devel-linux-x86_64-debian-clang 1.2 8.47 80.78 89.25 NOTE
r-devel-linux-x86_64-debian-gcc 1.2 8.34 62.83 71.17 NOTE
r-devel-linux-x86_64-fedora-clang 1.2 125.10 NOTE
r-devel-linux-x86_64-fedora-gcc 1.2 123.20 NOTE
r-devel-windows-x86_64 1.2 12.00 100.00 112.00 NOTE
r-patched-linux-x86_64 1.2 8.64 80.05 88.69 NOTE
r-release-linux-x86_64 1.2 9.02 80.62 89.64 NOTE
r-release-macos-arm64 1.2 34.00 NOTE
r-release-macos-x86_64 1.2 62.00 NOTE
r-release-windows-x86_64 1.2 14.00 99.00 113.00 NOTE
r-oldrel-macos-arm64 1.2 38.00 NOTE
r-oldrel-macos-x86_64 1.2 59.00 NOTE
r-oldrel-windows-ix86+x86_64 1.2 22.00 98.00 120.00 NOTE

Check Details

Version: 1.2
Check: LazyData
Result: NOTE
     'LazyData' is specified without a 'data' directory
Flavors: r-devel-linux-x86_64-debian-clang, r-devel-linux-x86_64-debian-gcc, r-devel-linux-x86_64-fedora-clang, r-devel-linux-x86_64-fedora-gcc, r-devel-windows-x86_64, r-patched-linux-x86_64, r-release-linux-x86_64, r-release-macos-arm64, r-release-macos-x86_64, r-release-windows-x86_64, r-oldrel-macos-arm64, r-oldrel-macos-x86_64, r-oldrel-windows-ix86+x86_64