CRAN Package Check Results for Package ISEtools

Last updated on 2023-11-30 07:52:38 CET.

Flavor Version Tinstall Tcheck Ttotal Status Flags
r-devel-linux-x86_64-debian-clang 3.2.0 4.27 37.67 41.94 NOTE
r-devel-linux-x86_64-debian-gcc 3.2.0 2.12 28.14 30.26 NOTE
r-devel-linux-x86_64-fedora-clang 3.2.0 51.92 OK
r-devel-linux-x86_64-fedora-gcc 3.2.0 62.61 OK
r-devel-windows-x86_64 3.2.0 4.00 53.00 57.00 OK
r-patched-linux-x86_64 3.2.0 3.89 36.77 40.66 OK
r-release-linux-x86_64 3.2.0 3.24 36.18 39.42 OK
r-release-macos-arm64 3.2.0 28.00 OK
r-release-macos-x86_64 3.2.0 40.00 OK
r-release-windows-x86_64 3.2.0 5.00 57.00 62.00 OK
r-oldrel-macos-arm64 3.2.0 24.00 OK
r-oldrel-macos-x86_64 3.2.0 27.00 OK
r-oldrel-windows-x86_64 3.2.0 6.00 59.00 65.00 OK

Additional issues

noSuggests

Check Details

Version: 3.2.0
Check: Rd files
Result: NOTE checkRd: (-1) analyseISE.Rd:66: Lost braces; missing escapes or markup? 66 | False positive rate used for detection threshold (not output) to calculate LOD(alpha, beta) {only returned if SN = NA} | ^ checkRd: (-1) analyseISE.Rd:69: Lost braces; missing escapes or markup? 69 | False negative rate used to calculate LOD(alpha, beta) {only returned if SN = NA} | ^ checkRd: (-1) describeISE.Rd:71: Lost braces; missing escapes or markup? 71 | False positive rate used for detection threshold (not output) to calculate LOD(alpha, beta) {only returned if SN = NA} | ^ checkRd: (-1) describeISE.Rd:74: Lost braces; missing escapes or markup? 74 | False negative rate used to calculate LOD(alpha, beta) {only returned if SN = NA} | ^ Flavors: r-devel-linux-x86_64-debian-clang, r-devel-linux-x86_64-debian-gcc