CRAN Package Check Results for Package ISM

Last updated on 2022-05-18 01:49:54 CEST.

Flavor Version Tinstall Tcheck Ttotal Status Flags
r-devel-linux-x86_64-debian-clang 0.1.0 8.27 93.05 101.32 NOTE
r-devel-linux-x86_64-debian-gcc 0.1.0 6.33 68.69 75.02 NOTE
r-devel-linux-x86_64-fedora-clang 0.1.0 116.11 NOTE
r-devel-linux-x86_64-fedora-gcc 0.1.0 120.61 NOTE
r-devel-windows-x86_64 0.1.0 16.00 88.00 104.00 NOTE
r-patched-linux-x86_64 0.1.0 7.98 88.23 96.21 NOTE
r-release-linux-x86_64 0.1.0 8.48 88.96 97.44 NOTE
r-release-macos-arm64 0.1.0 34.00 NOTE
r-release-macos-x86_64 0.1.0 43.00 NOTE
r-release-windows-x86_64 0.1.0 14.00 86.00 100.00 NOTE
r-oldrel-macos-arm64 0.1.0 43.00 NOTE
r-oldrel-macos-x86_64 0.1.0 60.00 NOTE
r-oldrel-windows-ix86+x86_64 0.1.0 15.00 77.00 92.00 NOTE

Check Details

Version: 0.1.0
Check: LazyData
Result: NOTE
     'LazyData' is specified without a 'data' directory
Flavors: r-devel-linux-x86_64-debian-clang, r-devel-linux-x86_64-debian-gcc, r-devel-linux-x86_64-fedora-clang, r-devel-linux-x86_64-fedora-gcc, r-devel-windows-x86_64, r-patched-linux-x86_64, r-release-linux-x86_64, r-release-macos-arm64, r-release-macos-x86_64, r-release-windows-x86_64, r-oldrel-macos-arm64, r-oldrel-macos-x86_64, r-oldrel-windows-ix86+x86_64