Last updated on 2021-01-16 00:47:32 CET.
Flavor | Version | Tinstall | Tcheck | Ttotal | Status | Flags |
---|---|---|---|---|---|---|
r-devel-linux-x86_64-debian-clang | 1.7.8 | 12.32 | 107.59 | 119.91 | OK | |
r-devel-linux-x86_64-debian-gcc | 1.7.8 | 10.89 | 80.27 | 91.16 | OK | |
r-devel-linux-x86_64-fedora-clang | 1.7.8 | 155.10 | NOTE | |||
r-devel-linux-x86_64-fedora-gcc | 1.7.8 | 142.85 | NOTE | |||
r-devel-windows-ix86+x86_64 | 1.7.8 | 21.00 | 101.00 | 122.00 | OK | |
r-patched-linux-x86_64 | 1.7.8 | 11.65 | 97.76 | 109.41 | OK | |
r-patched-solaris-x86 | 1.7.8 | 174.70 | NOTE | |||
r-release-linux-x86_64 | 1.7.8 | 10.81 | 98.72 | 109.53 | OK | |
r-release-macos-x86_64 | 1.7.8 | NOTE | ||||
r-release-windows-ix86+x86_64 | 1.7.8 | 24.00 | 109.00 | 133.00 | OK | |
r-oldrel-macos-x86_64 | 1.7.8 | NOTE | ||||
r-oldrel-windows-ix86+x86_64 | 1.7.8 | 25.00 | 137.00 | 162.00 | OK |
Version: 1.7.8
Check: data for non-ASCII characters
Result: NOTE
Note: found 1 marked UTF-8 string
Flavors: r-devel-linux-x86_64-fedora-clang, r-devel-linux-x86_64-fedora-gcc, r-patched-solaris-x86, r-release-macos-x86_64, r-oldrel-macos-x86_64