CRAN Package Check Results for Package IntClust

Last updated on 2020-09-22 02:17:22 CEST.

Flavor Version Tinstall Tcheck Ttotal Status Flags
r-devel-linux-x86_64-debian-clang 0.1.0 29.94 206.39 236.33 OK
r-devel-linux-x86_64-debian-gcc 0.1.0 21.61 153.33 174.94 OK
r-devel-linux-x86_64-fedora-clang 0.1.0 339.57 WARN
r-devel-linux-x86_64-fedora-gcc 0.1.0 294.64 OK
r-devel-windows-ix86+x86_64 0.1.0 2.00 8.00 10.00 ERROR
r-patched-linux-x86_64 0.1.0 19.25 200.32 219.57 OK
r-patched-solaris-x86 0.1.0 389.50 OK
r-release-linux-x86_64 0.1.0 26.94 199.58 226.52 OK
r-release-macos-x86_64 0.1.0 NOTE
r-release-windows-ix86+x86_64 0.1.0 56.00 266.00 322.00 OK
r-oldrel-macos-x86_64 0.1.0 NOTE
r-oldrel-windows-ix86+x86_64 0.1.0 36.00 220.00 256.00 OK

Check Details

Version: 0.1.0
Check: package dependencies
Result: WARN
    Imports includes 21 non-default packages.
    Importing from so many packages makes the package vulnerable to any of
    them becoming unavailable. Move as many as possible to Suggests and
    use conditionally.
    
    Requires (indirectly) orphaned package: ‘bibtex’
Flavor: r-devel-linux-x86_64-fedora-clang

Version: 0.1.0
Check: package dependencies
Result: ERROR
    Package required but not available: 'analogue'
    
    See section 'The DESCRIPTION file' in the 'Writing R Extensions'
    manual.
Flavor: r-devel-windows-ix86+x86_64

Version: 0.1.0
Check: package dependencies
Result: NOTE
    Packages suggested but not available for checking: 'MLP', 'a4Base'
Flavor: r-release-macos-x86_64

Version: 0.1.0
Check: package dependencies
Result: NOTE
    Packages suggested but not available for checking:
     'MLP', 'org.Hs.eg.db', 'a4Base'
Flavor: r-oldrel-macos-x86_64