Last updated on 2021-01-24 00:49:06 CET.
Flavor | Version | Tinstall | Tcheck | Ttotal | Status | Flags |
---|---|---|---|---|---|---|
r-devel-linux-x86_64-debian-clang | 0.1.0 | 27.84 | 222.99 | 250.83 | OK | |
r-devel-linux-x86_64-debian-gcc | 0.1.0 | 21.74 | 163.86 | 185.60 | OK | |
r-devel-linux-x86_64-fedora-clang | 0.1.0 | 304.30 | NOTE | |||
r-devel-linux-x86_64-fedora-gcc | 0.1.0 | 292.74 | OK | |||
r-devel-windows-ix86+x86_64 | 0.1.0 | 59.00 | 264.00 | 323.00 | OK | |
r-patched-linux-x86_64 | 0.1.0 | 24.59 | 206.24 | 230.83 | OK | |
r-patched-solaris-x86 | 0.1.0 | 390.80 | OK | |||
r-release-linux-x86_64 | 0.1.0 | 26.09 | 201.69 | 227.78 | OK | |
r-release-macos-x86_64 | 0.1.0 | NOTE | ||||
r-release-windows-ix86+x86_64 | 0.1.0 | 58.00 | 269.00 | 327.00 | OK | |
r-oldrel-macos-x86_64 | 0.1.0 | NOTE | ||||
r-oldrel-windows-ix86+x86_64 | 0.1.0 | 43.00 | 211.00 | 254.00 | OK |
Version: 0.1.0
Check: package dependencies
Result: NOTE
Imports includes 21 non-default packages.
Importing from so many packages makes the package vulnerable to any of
them becoming unavailable. Move as many as possible to Suggests and
use conditionally.
Flavor: r-devel-linux-x86_64-fedora-clang
Version: 0.1.0
Check: package dependencies
Result: NOTE
Packages suggested but not available for checking: 'MLP', 'a4Base'
Flavor: r-release-macos-x86_64
Version: 0.1.0
Check: package dependencies
Result: NOTE
Packages suggested but not available for checking:
'MLP', 'org.Hs.eg.db', 'a4Base'
Flavor: r-oldrel-macos-x86_64