CRAN Package Check Results for Package IntegratedMRF

Last updated on 2019-12-06 00:49:59 CET.

Flavor Version Tinstall Tcheck Ttotal Status Flags
r-devel-linux-x86_64-debian-clang 1.1.9 22.87 45.40 68.27 NOTE
r-devel-linux-x86_64-debian-gcc 1.1.9 15.11 35.10 50.21 NOTE
r-devel-linux-x86_64-fedora-clang 1.1.9 83.63 NOTE
r-devel-linux-x86_64-fedora-gcc 1.1.9 78.97 NOTE
r-devel-windows-ix86+x86_64 1.1.9 41.00 105.00 146.00 OK
r-devel-windows-ix86+x86_64-gcc8 1.1.9 43.00 103.00 146.00 OK
r-patched-linux-x86_64 1.1.9 15.75 40.93 56.68 OK
r-patched-solaris-x86 1.1.9 103.00 OK
r-release-linux-x86_64 1.1.9 15.03 40.95 55.98 OK
r-release-windows-ix86+x86_64 1.1.9 35.00 105.00 140.00 OK
r-release-osx-x86_64 1.1.9 OK
r-oldrel-windows-ix86+x86_64 1.1.9 36.00 114.00 150.00 OK
r-oldrel-osx-x86_64 1.1.9 OK

Check Details

Version: 1.1.9
Check: for non-standard things in the check directory
Result: NOTE
    Found the following files/directories:
     'Error_Estimation_Response_1.tiff' 'Error_Estimation_Response_2.tiff'
     'Error_Estimation_Response_3.tiff'
Flavors: r-devel-linux-x86_64-debian-clang, r-devel-linux-x86_64-debian-gcc, r-devel-linux-x86_64-fedora-clang, r-devel-linux-x86_64-fedora-gcc