CRAN Package Check Results for Package Irescale

Last updated on 2020-07-15 01:48:31 CEST.

Flavor Version Tinstall Tcheck Ttotal Status Flags
r-devel-linux-x86_64-debian-clang 2.3.0 8.84 125.76 134.60 OK
r-devel-linux-x86_64-debian-gcc 2.3.0 7.70 94.84 102.54 OK
r-devel-linux-x86_64-fedora-clang 2.3.0 168.98 OK
r-devel-linux-x86_64-fedora-gcc 2.3.0 169.09 OK
r-devel-windows-ix86+x86_64 2.3.0 22.00 188.00 210.00 OK
r-patched-linux-x86_64 2.3.0 9.02 121.07 130.09 OK
r-patched-solaris-x86 2.3.0 273.70 OK
r-release-linux-x86_64 2.3.0 9.10 125.38 134.48 OK
r-release-macos-x86_64 2.3.0 ERROR
r-release-windows-ix86+x86_64 2.3.0 35.00 198.00 233.00 OK
r-oldrel-macos-x86_64 2.3.0 OK
r-oldrel-windows-ix86+x86_64 2.3.0 25.00 176.00 201.00 OK

Check Details

Version: 2.3.0
Check: whether package can be installed
Result: ERROR
    Installation failed.
Flavor: r-release-macos-x86_64