Last updated on 2023-01-30 01:53:35 CET.
Flavor | Version | Tinstall | Tcheck | Ttotal | Status | Flags |
---|---|---|---|---|---|---|
r-devel-linux-x86_64-debian-clang | 0.9.1 | 3.91 | 45.43 | 49.34 | OK | |
r-devel-linux-x86_64-debian-gcc | 0.9.1 | 2.78 | 34.71 | 37.49 | OK | |
r-devel-linux-x86_64-fedora-clang | 0.9.1 | 61.08 | NOTE | |||
r-devel-linux-x86_64-fedora-gcc | 0.9.1 | 73.56 | NOTE | |||
r-devel-windows-x86_64 | 0.9.1 | 31.00 | 85.00 | 116.00 | OK | |
r-patched-linux-x86_64 | 0.9.1 | 3.92 | 44.16 | 48.08 | OK | |
r-release-linux-x86_64 | 0.9.1 | 3.81 | 41.72 | 45.53 | OK | |
r-release-macos-arm64 | 0.9.1 | 29.00 | NOTE | |||
r-release-macos-x86_64 | 0.9.1 | 33.00 | NOTE | |||
r-release-windows-x86_64 | 0.9.1 | 34.00 | 95.00 | 129.00 | OK | |
r-oldrel-macos-arm64 | 0.9.1 | 26.00 | NOTE | |||
r-oldrel-macos-x86_64 | 0.9.1 | 35.00 | NOTE | |||
r-oldrel-windows-ix86+x86_64 | 0.9.1 | 9.00 | 68.00 | 77.00 | OK |
Version: 0.9.1
Check: dependencies in R code
Result: NOTE
Namespace in Imports field not imported from: ‘ids’
All declared Imports should be used.
Flavors: r-devel-linux-x86_64-fedora-clang, r-devel-linux-x86_64-fedora-gcc, r-release-macos-arm64, r-release-macos-x86_64, r-oldrel-macos-arm64, r-oldrel-macos-x86_64