Last updated on 2021-04-20 01:47:08 CEST.
Flavor | Version | Tinstall | Tcheck | Ttotal | Status | Flags |
---|---|---|---|---|---|---|
r-devel-linux-x86_64-debian-clang | 2.5.1 | 25.70 | 223.77 | 249.47 | OK | |
r-devel-linux-x86_64-debian-gcc | 2.5.1 | 20.51 | 167.40 | 187.91 | OK | |
r-devel-linux-x86_64-fedora-clang | 2.5.1 | 329.55 | OK | |||
r-devel-linux-x86_64-fedora-gcc | 2.5.1 | 298.08 | OK | |||
r-devel-windows-ix86+x86_64 | 2.5.1 | 56.00 | 201.00 | 257.00 | OK | |
r-devel-windows-x86_64-gcc10-UCRT | 2.5.1 | OK | ||||
r-patched-linux-x86_64 | 2.5.1 | 25.60 | 205.86 | 231.46 | OK | |
r-patched-solaris-x86 | 2.5.1 | 443.80 | OK | |||
r-release-linux-x86_64 | 2.5.1 | 26.60 | 206.16 | 232.76 | OK | |
r-release-macos-x86_64 | 2.5.1 | OK | ||||
r-release-windows-ix86+x86_64 | 2.5.1 | 58.00 | 266.00 | 324.00 | OK | |
r-oldrel-macos-x86_64 | 2.5.1 | ERROR | ||||
r-oldrel-windows-ix86+x86_64 | 2.5.1 | 34.00 | 211.00 | 245.00 | OK |
Version: 2.5.1
Check: whether package can be installed
Result: ERROR
Installation failed.
Flavor: r-oldrel-macos-x86_64