Last updated on 2023-12-03 08:50:11 CET.
Flavor | Version | Tinstall | Tcheck | Ttotal | Status | Flags |
---|---|---|---|---|---|---|
r-devel-linux-x86_64-debian-clang | 1.0 | 41.88 | 77.33 | 119.21 | NOTE | |
r-devel-linux-x86_64-debian-gcc | 1.0 | 28.49 | 58.60 | 87.09 | NOTE | |
r-devel-linux-x86_64-fedora-clang | 1.0 | 171.24 | NOTE | |||
r-devel-linux-x86_64-fedora-gcc | 1.0 | 165.69 | NOTE | |||
r-devel-windows-x86_64 | 1.0 | 36.00 | 103.00 | 139.00 | NOTE | |
r-patched-linux-x86_64 | 1.0 | 27.92 | 76.48 | 104.40 | NOTE | |
r-release-linux-x86_64 | 1.0 | 25.64 | 77.33 | 102.97 | NOTE | |
r-release-macos-arm64 | 1.0 | 42.00 | NOTE | |||
r-release-macos-x86_64 | 1.0 | 63.00 | NOTE | |||
r-release-windows-x86_64 | 1.0 | 45.00 | 115.00 | 160.00 | NOTE | |
r-oldrel-macos-arm64 | 1.0 | 39.00 | NOTE | |||
r-oldrel-macos-x86_64 | 1.0 | 53.00 | NOTE | |||
r-oldrel-windows-x86_64 | 1.0 | 45.00 | 110.00 | 155.00 | NOTE |
Version: 1.0
Check: C++ specification
Result: NOTE
Specified C++11: please drop specification unless essential
Flavors: r-devel-linux-x86_64-debian-clang, r-devel-linux-x86_64-debian-gcc, r-devel-linux-x86_64-fedora-clang, r-devel-linux-x86_64-fedora-gcc, r-devel-windows-x86_64, r-patched-linux-x86_64, r-release-linux-x86_64, r-release-macos-arm64, r-release-macos-x86_64, r-release-windows-x86_64
Version: 1.0
Check: installed package size
Result: NOTE
installed size is 5.9Mb
sub-directories of 1Mb or more:
extdata 5.5Mb
Flavors: r-devel-linux-x86_64-fedora-clang, r-devel-windows-x86_64, r-release-macos-arm64, r-release-macos-x86_64, r-release-windows-x86_64, r-oldrel-macos-arm64, r-oldrel-macos-x86_64, r-oldrel-windows-x86_64