CRAN Package Check Results for Package JMbayes

Last updated on 2020-06-03 01:50:49 CEST.

Flavor Version Tinstall Tcheck Ttotal Status Flags
r-devel-linux-x86_64-debian-clang 0.8-85 157.14 166.56 323.70 OK
r-devel-linux-x86_64-debian-gcc 0.8-85 124.89 123.86 248.75 OK
r-devel-linux-x86_64-fedora-clang 0.8-85 416.71 NOTE
r-devel-linux-x86_64-fedora-gcc 0.8-85 433.44 OK
r-devel-windows-ix86+x86_64 0.8-85 321.00 285.00 606.00 OK
r-patched-linux-x86_64 0.8-85 129.21 163.43 292.64 OK
r-patched-solaris-x86 0.8-85 460.70 OK
r-release-linux-x86_64 0.8-85 134.28 163.11 297.39 OK
r-release-osx-x86_64 0.8-85 NOTE
r-release-windows-ix86+x86_64 0.8-85 262.00 249.00 511.00 OK
r-oldrel-osx-x86_64 0.8-85 NOTE
r-oldrel-windows-ix86+x86_64 0.8-85 256.00 218.00 474.00 OK

Check Details

Version: 0.8-85
Check: installed package size
Result: NOTE
     installed size is 10.2Mb
     sub-directories of 1Mb or more:
     libs 9.1Mb
Flavors: r-devel-linux-x86_64-fedora-clang, r-release-osx-x86_64, r-oldrel-osx-x86_64