Last updated on 2022-06-26 01:48:52 CEST.
Flavor | Version | Tinstall | Tcheck | Ttotal | Status | Flags |
---|---|---|---|---|---|---|
r-devel-linux-x86_64-debian-clang | 0.8-85 | 158.49 | 220.70 | 379.19 | OK | |
r-devel-linux-x86_64-debian-gcc | 0.8-85 | 129.55 | 158.01 | 287.56 | OK | |
r-devel-linux-x86_64-fedora-clang | 0.8-85 | 528.75 | NOTE | |||
r-devel-linux-x86_64-fedora-gcc | 0.8-85 | 484.17 | OK | |||
r-devel-windows-x86_64 | 0.8-85 | 141.00 | 239.00 | 380.00 | OK | |
r-patched-linux-x86_64 | 0.8-85 | 136.89 | 207.52 | 344.41 | OK | |
r-release-linux-x86_64 | 0.8-85 | 104.22 | 206.59 | 310.81 | OK | |
r-release-macos-arm64 | 0.8-85 | 137.00 | NOTE | |||
r-release-macos-x86_64 | 0.8-85 | 159.00 | NOTE | |||
r-release-windows-x86_64 | 0.8-85 | 141.00 | 243.00 | 384.00 | OK | |
r-oldrel-macos-arm64 | 0.8-85 | 108.00 | NOTE | |||
r-oldrel-macos-x86_64 | 0.8-85 | 217.00 | NOTE | |||
r-oldrel-windows-ix86+x86_64 | 0.8-85 | 340.00 | 292.00 | 632.00 | OK |
Version: 0.8-85
Check: installed package size
Result: NOTE
installed size is 6.6Mb
sub-directories of 1Mb or more:
libs 5.4Mb
Flavors: r-devel-linux-x86_64-fedora-clang, r-release-macos-arm64, r-release-macos-x86_64, r-oldrel-macos-arm64, r-oldrel-macos-x86_64