CRAN Package Check Results for Package JOPS

Last updated on 2022-12-06 00:51:13 CET.

Flavor Version Tinstall Tcheck Ttotal Status Flags
r-devel-linux-x86_64-debian-clang 0.1.15 16.85 154.11 170.96 OK
r-devel-linux-x86_64-debian-gcc 0.1.15 12.24 114.25 126.49 OK
r-devel-linux-x86_64-fedora-clang 0.1.15 222.09 NOTE
r-devel-linux-x86_64-fedora-gcc 0.1.15 212.69 NOTE
r-devel-windows-x86_64 0.1.15 41.00 190.00 231.00 OK
r-patched-linux-x86_64 0.1.15 19.99 142.28 162.27 OK
r-release-linux-x86_64 0.1.15 9.99 141.09 151.08 OK
r-release-macos-arm64 0.1.15 66.00 NOTE
r-release-macos-x86_64 0.1.15 89.00 NOTE
r-release-windows-x86_64 0.1.15 39.00 181.00 220.00 OK
r-oldrel-macos-arm64 0.1.15 66.00 NOTE
r-oldrel-macos-x86_64 0.1.15 83.00 NOTE
r-oldrel-windows-ix86+x86_64 0.1.15 31.00 185.00 216.00 OK

Check Details

Version: 0.1.15
Check: dependencies in R code
Result: NOTE
    Namespaces in Imports field not imported from:
     ‘MASS’ ‘boot’ ‘fds’ ‘rpart’
     All declared Imports should be used.
Flavors: r-devel-linux-x86_64-fedora-clang, r-devel-linux-x86_64-fedora-gcc, r-release-macos-arm64, r-release-macos-x86_64, r-oldrel-macos-arm64, r-oldrel-macos-x86_64