Last updated on 2023-02-02 00:54:49 CET.
Flavor | Version | Tinstall | Tcheck | Ttotal | Status | Flags |
---|---|---|---|---|---|---|
r-devel-linux-x86_64-debian-clang | 1.0.1 | 292.43 | 216.38 | 508.81 | OK | |
r-devel-linux-x86_64-debian-gcc | 1.0.1 | 205.76 | 157.23 | 362.99 | OK | |
r-devel-linux-x86_64-fedora-clang | 1.0.1 | 720.42 | OK | |||
r-devel-linux-x86_64-fedora-gcc | 1.0.1 | 660.24 | OK | |||
r-patched-linux-x86_64 | 1.0.1 | 226.91 | 205.14 | 432.05 | OK | |
r-release-linux-x86_64 | 1.0.1 | 215.62 | 209.34 | 424.96 | OK | |
r-release-macos-arm64 | 1.0.1 | 159.00 | NOTE | |||
r-release-macos-x86_64 | 1.0.1 | 220.00 | NOTE | |||
r-release-windows-x86_64 | 1.0.1 | 209.00 | 278.00 | 487.00 | OK | |
r-oldrel-macos-arm64 | 1.0.1 | 177.00 | NOTE | |||
r-oldrel-macos-x86_64 | 1.0.1 | 344.00 | NOTE | |||
r-oldrel-windows-ix86+x86_64 | 1.0.1 | 653.00 | 422.00 | 1075.00 | OK |
Version: 1.0.1
Check: installed package size
Result: NOTE
installed size is 16.9Mb
sub-directories of 1Mb or more:
libs 16.4Mb
Flavors: r-release-macos-arm64, r-release-macos-x86_64, r-oldrel-macos-arm64, r-oldrel-macos-x86_64