CRAN Package Check Results for Package KMgene

Last updated on 2020-02-17 00:49:15 CET.

Flavor Version Tinstall Tcheck Ttotal Status Flags
r-devel-linux-x86_64-debian-clang 1.2 16.81 116.99 133.80 NOTE
r-devel-linux-x86_64-debian-gcc 1.2 12.80 90.04 102.84 NOTE
r-devel-linux-x86_64-fedora-clang 1.2 161.33 NOTE
r-devel-windows-ix86+x86_64 1.2 34.00 178.00 212.00 OK
r-devel-windows-ix86+x86_64-gcc8 1.2 41.00 219.00 260.00 OK
r-patched-linux-x86_64 1.2 13.50 103.57 117.07 OK
r-patched-solaris-x86 1.2 222.00 OK
r-release-linux-x86_64 1.2 13.24 104.84 118.08 OK
r-release-windows-ix86+x86_64 1.2 27.00 150.00 177.00 OK
r-release-osx-x86_64 1.2 OK
r-oldrel-windows-ix86+x86_64 1.2 23.00 179.00 202.00 OK
r-oldrel-osx-x86_64 1.2 WARN

Check Details

Version: 1.2
Check: for non-standard things in the check directory
Result: NOTE
    Found the following files/directories:
     'LogLikelihood.txt' 'pvalues.out'
Flavors: r-devel-linux-x86_64-debian-clang, r-devel-linux-x86_64-debian-gcc, r-devel-linux-x86_64-fedora-clang

Version: 1.2
Check: examples
Result: WARN
    Found the following significant warnings:
    
     Warning: 'rBind' is deprecated.
    Deprecated functions may be defunct as soon as of the next release of
    R.
    See ?Deprecated.
Flavor: r-oldrel-osx-x86_64