CRAN Package Check Results for Package KODAMA

Last updated on 2019-10-17 01:49:05 CEST.

Flavor Version Tinstall Tcheck Ttotal Status Flags
r-devel-linux-x86_64-debian-clang 1.5 66.90 50.38 117.28 WARN
r-devel-linux-x86_64-debian-gcc 1.5 44.10 39.53 83.63 WARN
r-devel-linux-x86_64-fedora-clang 1.5 161.33 NOTE
r-devel-linux-x86_64-fedora-gcc 1.5 147.03 WARN
r-devel-windows-ix86+x86_64 1.5 144.00 89.00 233.00 OK
r-patched-linux-x86_64 1.5 49.12 49.78 98.90 OK
r-patched-solaris-x86 1.5 159.70 OK
r-release-linux-x86_64 1.5 47.88 49.84 97.72 OK
r-release-windows-ix86+x86_64 1.5 98.00 94.00 192.00 OK
r-release-osx-x86_64 1.5 NOTE
r-oldrel-windows-ix86+x86_64 1.5 97.00 87.00 184.00 OK
r-oldrel-osx-x86_64 1.5 NOTE

Check Details

Version: 1.5
Check: whether package can be installed
Result: WARN
    Found the following significant warnings:
     svm.cpp:2788:3: warning: ignoring return value of function declared with 'warn_unused_result' attribute [-Wunused-result]
     svm.cpp:2792:4: warning: ignoring return value of function declared with 'warn_unused_result' attribute [-Wunused-result]
     svm.cpp:2817:4: warning: ignoring return value of function declared with 'warn_unused_result' attribute [-Wunused-result]
     svm.cpp:2841:4: warning: ignoring return value of function declared with 'warn_unused_result' attribute [-Wunused-result]
     svm.cpp:2843:4: warning: ignoring return value of function declared with 'warn_unused_result' attribute [-Wunused-result]
     svm.cpp:2845:4: warning: ignoring return value of function declared with 'warn_unused_result' attribute [-Wunused-result]
     svm.cpp:2847:4: warning: ignoring return value of function declared with 'warn_unused_result' attribute [-Wunused-result]
     svm.cpp:2849:4: warning: ignoring return value of function declared with 'warn_unused_result' attribute [-Wunused-result]
     svm.cpp:2855:5: warning: ignoring return value of function declared with 'warn_unused_result' attribute [-Wunused-result]
     svm.cpp:2862:5: warning: ignoring return value of function declared with 'warn_unused_result' attribute [-Wunused-result]
     svm.cpp:2869:5: warning: ignoring return value of function declared with 'warn_unused_result' attribute [-Wunused-result]
     svm.cpp:2876:5: warning: ignoring return value of function declared with 'warn_unused_result' attribute [-Wunused-result]
     svm.cpp:2883:5: warning: ignoring return value of function declared with 'warn_unused_result' attribute [-Wunused-result]
Flavor: r-devel-linux-x86_64-debian-clang

Version: 1.5
Check: for non-standard things in the check directory
Result: NOTE
    Found the following files/directories:
     'dinisurface.pdf' 'helicoid.pdf' 'spirals.pdf' 'swissroll.pdf'
Flavors: r-devel-linux-x86_64-debian-clang, r-devel-linux-x86_64-debian-gcc, r-devel-linux-x86_64-fedora-clang, r-devel-linux-x86_64-fedora-gcc

Version: 1.5
Check: whether package can be installed
Result: WARN
    Found the following significant warnings:
     svm.cpp:2788:9: warning: ignoring return value of ‘int fscanf(FILE*, const char*, ...)’, declared with attribute warn_unused_result [-Wunused-result]
     svm.cpp:2792:10: warning: ignoring return value of ‘int fscanf(FILE*, const char*, ...)’, declared with attribute warn_unused_result [-Wunused-result]
     svm.cpp:2817:10: warning: ignoring return value of ‘int fscanf(FILE*, const char*, ...)’, declared with attribute warn_unused_result [-Wunused-result]
     svm.cpp:2841:10: warning: ignoring return value of ‘int fscanf(FILE*, const char*, ...)’, declared with attribute warn_unused_result [-Wunused-result]
     svm.cpp:2843:10: warning: ignoring return value of ‘int fscanf(FILE*, const char*, ...)’, declared with attribute warn_unused_result [-Wunused-result]
     svm.cpp:2845:10: warning: ignoring return value of ‘int fscanf(FILE*, const char*, ...)’, declared with attribute warn_unused_result [-Wunused-result]
     svm.cpp:2847:10: warning: ignoring return value of ‘int fscanf(FILE*, const char*, ...)’, declared with attribute warn_unused_result [-Wunused-result]
     svm.cpp:2849:10: warning: ignoring return value of ‘int fscanf(FILE*, const char*, ...)’, declared with attribute warn_unused_result [-Wunused-result]
     svm.cpp:2855:11: warning: ignoring return value of ‘int fscanf(FILE*, const char*, ...)’, declared with attribute warn_unused_result [-Wunused-result]
     svm.cpp:2862:11: warning: ignoring return value of ‘int fscanf(FILE*, const char*, ...)’, declared with attribute warn_unused_result [-Wunused-result]
     svm.cpp:2869:11: warning: ignoring return value of ‘int fscanf(FILE*, const char*, ...)’, declared with attribute warn_unused_result [-Wunused-result]
     svm.cpp:2876:11: warning: ignoring return value of ‘int fscanf(FILE*, const char*, ...)’, declared with attribute warn_unused_result [-Wunused-result]
     svm.cpp:2883:11: warning: ignoring return value of ‘int fscanf(FILE*, const char*, ...)’, declared with attribute warn_unused_result [-Wunused-result]
Flavors: r-devel-linux-x86_64-debian-gcc, r-devel-linux-x86_64-fedora-gcc

Version: 1.5
Check: installed package size
Result: NOTE
     installed size is 7.2Mb
     sub-directories of 1Mb or more:
     data 1.6Mb
     libs 4.4Mb
Flavors: r-devel-linux-x86_64-fedora-clang, r-release-osx-x86_64, r-oldrel-osx-x86_64