CRAN Package Check Results for Package KarsTS

Last updated on 2020-08-09 01:48:31 CEST.

Flavor Version Tinstall Tcheck Ttotal Status Flags
r-devel-linux-x86_64-debian-clang 2.3 19.82 90.12 109.94 OK
r-devel-linux-x86_64-debian-gcc 2.3 16.09 67.55 83.64 OK
r-devel-linux-x86_64-fedora-clang 2.3 138.73 NOTE
r-devel-linux-x86_64-fedora-gcc 2.3 139.25 NOTE
r-devel-windows-ix86+x86_64 2.3 43.00 123.00 166.00 OK
r-patched-linux-x86_64 2.3 16.02 90.40 106.42 OK
r-patched-solaris-x86 2.3 153.50 NOTE
r-release-linux-x86_64 2.3 18.71 89.90 108.61 OK
r-release-macos-x86_64 2.3 NOTE
r-release-windows-ix86+x86_64 2.3 49.00 134.00 183.00 OK
r-oldrel-macos-x86_64 2.3 NOTE
r-oldrel-windows-ix86+x86_64 2.3 32.00 80.00 112.00 OK

Check Details

Version: 2.3
Check: dependencies in R code
Result: NOTE
    Namespace in Imports field not imported from: ‘stinepack’
     All declared Imports should be used.
Flavors: r-devel-linux-x86_64-fedora-clang, r-devel-linux-x86_64-fedora-gcc, r-patched-solaris-x86, r-release-macos-x86_64, r-oldrel-macos-x86_64