CRAN Package Check Results for Package KenSyn

Last updated on 2020-07-13 01:48:50 CEST.

Flavor Version Tinstall Tcheck Ttotal Status Flags
r-devel-linux-x86_64-debian-clang 0.3 2.24 18.62 20.86 OK
r-devel-linux-x86_64-debian-gcc 0.3 1.64 14.99 16.63 OK
r-devel-linux-x86_64-fedora-clang 0.3 34.82 NOTE
r-devel-linux-x86_64-fedora-gcc 0.3 25.53 NOTE
r-devel-windows-ix86+x86_64 0.3 6.00 43.00 49.00 OK
r-patched-linux-x86_64 0.3 2.18 18.96 21.14 OK
r-patched-solaris-x86 0.3 39.90 NOTE
r-release-linux-x86_64 0.3 2.04 18.66 20.70 OK
r-release-macos-x86_64 0.3 NOTE
r-release-windows-ix86+x86_64 0.3 7.00 43.00 50.00 OK
r-oldrel-macos-x86_64 0.3 NOTE
r-oldrel-windows-ix86+x86_64 0.3 7.00 29.00 36.00 OK

Check Details

Version: 0.3
Check: dependencies in R code
Result: NOTE
    Namespaces in Imports field not imported from:
     ‘lme4’ ‘metafor’ ‘nlme’
     All declared Imports should be used.
Flavors: r-devel-linux-x86_64-fedora-clang, r-devel-linux-x86_64-fedora-gcc, r-patched-solaris-x86, r-release-macos-x86_64, r-oldrel-macos-x86_64