CRAN Package Check Results for Package KenSyn

Last updated on 2020-04-09 01:53:15 CEST.

Flavor Version Tinstall Tcheck Ttotal Status Flags
r-devel-linux-x86_64-debian-clang 0.3 2.12 18.24 20.36 OK
r-devel-linux-x86_64-debian-gcc 0.3 1.67 14.86 16.53 OK
r-devel-linux-x86_64-fedora-clang 0.3 25.48 NOTE
r-devel-linux-x86_64-fedora-gcc 0.3 25.53 NOTE
r-devel-windows-ix86+x86_64 0.3 5.00 29.00 34.00 OK
r-devel-windows-ix86+x86_64-gcc8 0.3 5.00 31.00 36.00 OK
r-patched-linux-x86_64 0.3 1.85 18.21 20.06 OK
r-patched-solaris-x86 0.3 40.90 NOTE
r-release-linux-x86_64 0.3 1.66 17.19 18.85 OK
r-release-windows-ix86+x86_64 0.3 4.00 46.00 50.00 OK
r-release-osx-x86_64 0.3 NOTE
r-oldrel-windows-ix86+x86_64 0.3 5.00 40.00 45.00 OK
r-oldrel-osx-x86_64 0.3 NOTE

Check Details

Version: 0.3
Check: dependencies in R code
Result: NOTE
    Namespaces in Imports field not imported from:
     ‘lme4’ ‘metafor’ ‘nlme’
     All declared Imports should be used.
Flavors: r-devel-linux-x86_64-fedora-clang, r-devel-linux-x86_64-fedora-gcc, r-patched-solaris-x86, r-release-osx-x86_64, r-oldrel-osx-x86_64