Last updated on 2023-02-02 00:54:49 CET.
Flavor | Version | Tinstall | Tcheck | Ttotal | Status | Flags |
---|---|---|---|---|---|---|
r-devel-linux-x86_64-debian-clang | 6.4 | 32.81 | 53.82 | 86.63 | OK | |
r-devel-linux-x86_64-debian-gcc | 6.4 | 25.65 | 40.15 | 65.80 | OK | |
r-devel-linux-x86_64-fedora-clang | 6.4 | 116.44 | NOTE | |||
r-devel-linux-x86_64-fedora-gcc | 6.4 | 116.22 | NOTE | |||
r-devel-windows-x86_64 | 6.4 | 62.00 | 104.00 | 166.00 | OK | |
r-patched-linux-x86_64 | 6.4 | 27.38 | 50.23 | 77.61 | OK | |
r-release-linux-x86_64 | 6.4 | 30.63 | 52.79 | 83.42 | OK | |
r-release-macos-arm64 | 6.4 | 32.00 | OK | |||
r-release-macos-x86_64 | 6.4 | 44.00 | OK | |||
r-release-windows-x86_64 | 6.4 | 41.00 | 111.00 | 152.00 | OK | |
r-oldrel-macos-arm64 | 6.4 | 43.00 | OK | |||
r-oldrel-macos-x86_64 | 6.4 | 60.00 | OK | |||
r-oldrel-windows-ix86+x86_64 | 6.4 | 80.00 | 107.00 | 187.00 | OK |
Version: 6.4
Check: compiled code
Result: NOTE
File ‘KernSmoothIRT/libs/KernSmoothIRT.so’:
Found no calls to: ‘R_registerRoutines’, ‘R_useDynamicSymbols’
It is good practice to register native routines and to disable symbol
search.
See ‘Writing portable packages’ in the ‘Writing R Extensions’ manual.
Flavors: r-devel-linux-x86_64-fedora-clang, r-devel-linux-x86_64-fedora-gcc