Last updated on 2023-09-25 07:02:06 CEST.
Flavor | Version | Tinstall | Tcheck | Ttotal | Status | Flags |
---|---|---|---|---|---|---|
r-devel-linux-x86_64-debian-clang | 2.1 | 16.67 | 130.11 | 146.78 | NOTE | |
r-devel-linux-x86_64-debian-gcc | 2.1 | 15.05 | 100.68 | 115.73 | NOTE | |
r-devel-linux-x86_64-fedora-clang | 2.1 | 183.40 | NOTE | |||
r-devel-linux-x86_64-fedora-gcc | 2.1 | 186.98 | NOTE | |||
r-devel-windows-x86_64 | 2.1 | 15.00 | 110.00 | 125.00 | NOTE | |
r-patched-linux-x86_64 | 2.1 | 12.96 | 128.16 | 141.12 | NOTE | |
r-release-linux-x86_64 | 2.1 | 18.51 | 128.41 | 146.92 | NOTE | |
r-release-macos-arm64 | 2.1 | 60.00 | NOTE | |||
r-release-macos-x86_64 | 2.1 | 86.00 | NOTE | |||
r-release-windows-x86_64 | 2.1 | 19.00 | 128.00 | 147.00 | NOTE | |
r-oldrel-macos-arm64 | 2.1 | 46.00 | NOTE | |||
r-oldrel-macos-x86_64 | 2.1 | 72.00 | NOTE | |||
r-oldrel-windows-x86_64 | 2.1 | 19.00 | 139.00 | 158.00 | NOTE |
Version: 2.1
Check: package dependencies
Result: NOTE
Package suggested but not available for checking: ‘VARSEDIG’
Flavors: r-devel-linux-x86_64-debian-clang, r-devel-linux-x86_64-debian-gcc, r-devel-linux-x86_64-fedora-clang, r-devel-linux-x86_64-fedora-gcc, r-devel-windows-x86_64, r-patched-linux-x86_64, r-release-linux-x86_64, r-release-macos-arm64, r-release-windows-x86_64, r-oldrel-windows-x86_64
Version: 2.1
Check: Rd cross-references
Result: NOTE
Unknown package ‘VARSEDIG’ in Rd xrefs
Flavors: r-devel-linux-x86_64-debian-clang, r-devel-linux-x86_64-debian-gcc, r-devel-linux-x86_64-fedora-gcc, r-devel-windows-x86_64, r-patched-linux-x86_64, r-release-linux-x86_64, r-release-macos-arm64, r-release-windows-x86_64, r-oldrel-windows-x86_64
Version: 2.1
Check: Rd cross-references
Result: NOTE
Undeclared packages ‘usdm’, ‘car’, ‘IDPmisc’, ‘psych’, ‘REdaS’, ‘candisc’ in Rd xrefs
Unknown package ‘VARSEDIG’ in Rd xrefs
Flavor: r-devel-linux-x86_64-fedora-clang
Version: 2.1
Check: data for non-ASCII characters
Result: NOTE
Note: found 9 marked Latin-1 strings
Flavors: r-devel-linux-x86_64-fedora-clang, r-devel-linux-x86_64-fedora-gcc, r-oldrel-macos-arm64, r-oldrel-macos-x86_64
Version: 2.1
Check: package dependencies
Result: NOTE
Packages suggested but not available for checking: 'raster', 'VARSEDIG'
Flavor: r-release-macos-x86_64
Version: 2.1
Check: Rd cross-references
Result: NOTE
Packages unavailable to check Rd xrefs: ‘usdm’, ‘car’, ‘psych’, ‘candisc’
Unknown package ‘VARSEDIG’ in Rd xrefs
Flavor: r-release-macos-x86_64
Version: 2.1
Check: Rd cross-references
Result: NOTE
Unknown package ‘REdaS’ in Rd xrefs
Flavor: r-oldrel-macos-x86_64