CRAN Package Check Results for Package KnowBR

Last updated on 2020-10-25 01:47:39 CEST.

Flavor Version Tinstall Tcheck Ttotal Status Flags
r-devel-linux-x86_64-debian-clang 2.0 14.99 106.66 121.65 NOTE
r-devel-linux-x86_64-debian-gcc 2.0 12.80 80.91 93.71 NOTE
r-devel-linux-x86_64-fedora-clang 2.0 151.16 NOTE
r-devel-linux-x86_64-fedora-gcc 2.0 152.62 NOTE
r-devel-windows-ix86+x86_64 2.0 27.00 110.00 137.00 OK
r-patched-linux-x86_64 2.0 14.99 96.03 111.02 NOTE
r-patched-solaris-x86 2.0 189.90 NOTE
r-release-linux-x86_64 2.0 12.27 94.23 106.50 NOTE
r-release-macos-x86_64 2.0 NOTE
r-release-windows-ix86+x86_64 2.0 20.00 92.00 112.00 OK
r-oldrel-macos-x86_64 2.0 NOTE
r-oldrel-windows-ix86+x86_64 2.0 26.00 117.00 143.00 OK

Check Details

Version: 2.0
Check: for non-standard things in the check directory
Result: NOTE
    Found the following files/directories:
     'Completeness.RData' 'Estimators.RData' 'Inf.txt' 'List of
     species.RData' 'Observed richness.RData' 'Records.RData'
     'Slope.RData' 'Standard error of the estimators.RData'
Flavors: r-devel-linux-x86_64-debian-clang, r-devel-linux-x86_64-debian-gcc, r-devel-linux-x86_64-fedora-clang, r-devel-linux-x86_64-fedora-gcc, r-patched-linux-x86_64, r-patched-solaris-x86, r-release-linux-x86_64

Version: 2.0
Check: Rd cross-references
Result: NOTE
    Undeclared package ‘splancs’ in Rd xrefs
Flavor: r-devel-linux-x86_64-fedora-clang

Version: 2.0
Check: data for non-ASCII characters
Result: NOTE
     Note: found 9 marked Latin-1 strings
Flavors: r-devel-linux-x86_64-fedora-clang, r-devel-linux-x86_64-fedora-gcc, r-patched-solaris-x86, r-release-macos-x86_64, r-oldrel-macos-x86_64