CRAN Package Check Results for Package L1mstate

Last updated on 2022-07-05 01:52:13 CEST.

Flavor Version Tinstall Tcheck Ttotal Status Flags
r-devel-linux-x86_64-debian-clang 1.0.1 36.74 114.91 151.65 OK
r-devel-linux-x86_64-debian-gcc 1.0.1 34.05 82.15 116.20 OK
r-devel-linux-x86_64-fedora-clang 1.0.1 212.92 OK
r-devel-linux-x86_64-fedora-gcc 1.0.1 193.69 OK
r-devel-windows-x86_64 1.0.1 41.00 144.00 185.00 OK
r-patched-linux-x86_64 1.0.1 34.87 107.02 141.89 OK
r-release-linux-x86_64 1.0.1 31.93 104.90 136.83 OK
r-release-macos-arm64 1.0.1 47.00 OK
r-release-macos-x86_64 1.0.1 67.00 OK
r-release-windows-x86_64 1.0.1 40.00 150.00 190.00 OK
r-oldrel-macos-arm64 1.0.1 58.00 NOTE
r-oldrel-macos-x86_64 1.0.1 64.00 OK
r-oldrel-windows-ix86+x86_64 1.0.1 91.00 190.00 281.00 OK

Check Details

Version: 1.0.1
Check: installed package size
Result: NOTE
     installed size is 5.1Mb
     sub-directories of 1Mb or more:
     libs 5.0Mb
Flavor: r-oldrel-macos-arm64