CRAN Package Check Results for Package L2E

Last updated on 2022-12-06 00:51:13 CET.

Flavor Version Tinstall Tcheck Ttotal Status Flags
r-devel-linux-x86_64-debian-clang 2.0 11.36 159.38 170.74 OK
r-devel-linux-x86_64-debian-gcc 2.0 9.34 116.21 125.55 OK
r-devel-linux-x86_64-fedora-clang 2.0 230.87 NOTE
r-devel-linux-x86_64-fedora-gcc 2.0 223.66 NOTE
r-devel-windows-x86_64 2.0 35.00 224.00 259.00 OK
r-patched-linux-x86_64 2.0 11.41 148.89 160.30 OK
r-release-linux-x86_64 2.0 11.37 151.53 162.90 OK
r-release-macos-arm64 2.0 62.00 NOTE
r-release-macos-x86_64 2.0 81.00 NOTE
r-release-windows-x86_64 2.0 30.00 229.00 259.00 OK
r-oldrel-macos-arm64 2.0 52.00 NOTE
r-oldrel-macos-x86_64 2.0 82.00 NOTE
r-oldrel-windows-ix86+x86_64 2.0 25.00 195.00 220.00 OK

Check Details

Version: 2.0
Check: dependencies in R code
Result: NOTE
    Namespace in Imports field not imported from: ‘robustbase’
     All declared Imports should be used.
Flavors: r-devel-linux-x86_64-fedora-clang, r-devel-linux-x86_64-fedora-gcc, r-release-macos-arm64, r-release-macos-x86_64, r-oldrel-macos-arm64, r-oldrel-macos-x86_64