CRAN Package Check Results for Package LDATS

Last updated on 2020-07-06 01:54:07 CEST.

Flavor Version Tinstall Tcheck Ttotal Status Flags
r-devel-linux-x86_64-debian-clang 0.2.7 10.08 156.14 166.22 OK
r-devel-linux-x86_64-debian-gcc 0.2.7 7.60 114.81 122.41 OK
r-devel-linux-x86_64-fedora-clang 0.2.7 193.89 OK
r-devel-linux-x86_64-fedora-gcc 0.2.7 185.29 OK
r-devel-windows-ix86+x86_64 0.2.7 37.00 236.00 273.00 OK
r-patched-linux-x86_64 0.2.7 9.88 151.79 161.67 OK
r-patched-solaris-x86 0.2.7 262.10 WARN
r-release-linux-x86_64 0.2.7 9.42 149.91 159.33 OK
r-release-osx-x86_64 0.2.7 OK
r-release-windows-ix86+x86_64 0.2.7 23.00 197.00 220.00 OK
r-oldrel-osx-x86_64 0.2.7 WARN
r-oldrel-windows-ix86+x86_64 0.2.7 26.00 309.00 335.00 OK

Check Details

Version: 0.2.7
Check: re-building of vignette outputs
Result: WARN
    Error(s) in re-building vignettes:
     ...
    --- re-building ‘LDATS_codebase.Rmd’ using rmarkdown
    Warning in engine$weave(file, quiet = quiet, encoding = enc) :
     Pandoc (>= 1.12.3) and/or pandoc-citeproc not available. Falling back to R Markdown v1.
    --- finished re-building ‘LDATS_codebase.Rmd’
    
    --- re-building ‘paper-comparison.Rmd’ using rmarkdown
    Warning in engine$weave(file, quiet = quiet, encoding = enc) :
     Pandoc (>= 1.12.3) and/or pandoc-citeproc not available. Falling back to R Markdown v1.
    Quitting from lines 59-60 (paper-comparison.Rmd)
    Error: processing vignette 'paper-comparison.Rmd' failed with diagnostics:
    object 'params' not found
    --- failed re-building ‘paper-comparison.Rmd’
    
    --- re-building ‘rodents-example.Rmd’ using rmarkdown
    Warning in engine$weave(file, quiet = quiet, encoding = enc) :
     Pandoc (>= 1.12.3) and/or pandoc-citeproc not available. Falling back to R Markdown v1.
    --- finished re-building ‘rodents-example.Rmd’
    
    SUMMARY: processing the following file failed:
     ‘paper-comparison.Rmd’
    
    Error: Vignette re-building failed.
    Execution halted
Flavors: r-patched-solaris-x86, r-oldrel-osx-x86_64