CRAN Package Check Results for Package LLSR

Last updated on 2025-06-19 08:48:26 CEST.

Flavor Version Tinstall Tcheck Ttotal Status Flags
r-devel-linux-x86_64-debian-clang 0.0.3.1 8.96 67.32 76.28 NOTE
r-devel-linux-x86_64-debian-gcc 0.0.3.1 7.00 47.72 54.72 NOTE
r-devel-linux-x86_64-fedora-clang 0.0.3.1 124.19 OK
r-devel-linux-x86_64-fedora-gcc 0.0.3.1 120.33 OK
r-devel-windows-x86_64 0.0.3.1 11.00 81.00 92.00 OK
r-patched-linux-x86_64 0.0.3.1 10.02 63.24 73.26 OK
r-release-linux-x86_64 0.0.3.1 8.94 63.38 72.32 OK
r-release-macos-arm64 0.0.3.1 39.00 OK
r-release-macos-x86_64 0.0.3.1 59.00 OK
r-release-windows-x86_64 0.0.3.1 10.00 80.00 90.00 OK
r-oldrel-macos-arm64 0.0.3.1 32.00 OK
r-oldrel-macos-x86_64 0.0.3.1 58.00 OK
r-oldrel-windows-x86_64 0.0.3.1 15.00 99.00 114.00 OK

Check Details

Version: 0.0.3.1
Check: CRAN incoming feasibility
Result: NOTE Maintainer: ‘Diego F Coelho <[email protected]>’ No Authors@R field in DESCRIPTION. Please add one, modifying Authors@R: c(person(given = c("Diego", "F"), family = "Coelho", role = c("aut", "cre"), email = "[email protected]"), person(given = c("Pedro", "Vitor", "Oliveira"), family = "Menezes", role = "dtc", email = "[email protected]"), person(given = c("Carla", "Corina", "dos", "Santos"), family = "Porto", role = "dtc", email = "[email protected]"), person(given = c("Jon", "George"), family = "Huddleston", role = "rev", email = "[email protected]"), person(given = c("Elias", "Basile"), family = "Tambourgi", role = "rev", email = "[email protected]")) as necessary. Flavors: r-devel-linux-x86_64-debian-clang, r-devel-linux-x86_64-debian-gcc