CRAN Package Check Results for Package LMN

Last updated on 2023-02-07 00:54:21 CET.

Flavor Version Tinstall Tcheck Ttotal Status Flags
r-devel-linux-x86_64-debian-clang 1.1.3 57.82 75.22 133.04 OK
r-devel-linux-x86_64-debian-gcc 1.1.3 45.75 54.34 100.09 OK
r-devel-linux-x86_64-fedora-clang 1.1.3 173.38 OK
r-devel-linux-x86_64-fedora-gcc 1.1.3 175.53 OK
r-devel-windows-x86_64 1.1.3 50.00 127.00 177.00 OK
r-patched-linux-x86_64 1.1.3 46.68 68.49 115.17 OK
r-release-linux-x86_64 1.1.3 49.48 71.27 120.75 OK
r-release-macos-arm64 1.1.3 47.00 NOTE
r-release-macos-x86_64 1.1.3 59.00 NOTE
r-release-windows-x86_64 1.1.3 48.00 129.00 177.00 OK
r-oldrel-macos-arm64 1.1.3 52.00 NOTE
r-oldrel-macos-x86_64 1.1.3 62.00 NOTE
r-oldrel-windows-ix86+x86_64 1.1.3 125.00 138.00 263.00 OK

Check Details

Version: 1.1.3
Check: installed package size
Result: NOTE
     installed size is 6.8Mb
     sub-directories of 1Mb or more:
     libs 6.4Mb
Flavors: r-release-macos-arm64, r-release-macos-x86_64, r-oldrel-macos-arm64, r-oldrel-macos-x86_64