CRAN Package Check Results for Package LOGAN

Last updated on 2020-09-25 01:48:47 CEST.

Flavor Version Tinstall Tcheck Ttotal Status Flags
r-devel-linux-x86_64-debian-clang 1.0.0 3.86 30.49 34.35 OK
r-devel-linux-x86_64-debian-gcc 1.0.0 3.15 27.02 30.17 OK
r-devel-linux-x86_64-fedora-clang 1.0.0 55.16 NOTE
r-devel-linux-x86_64-fedora-gcc 1.0.0 46.29 NOTE
r-devel-windows-ix86+x86_64 1.0.0 9.00 54.00 63.00 OK
r-patched-linux-x86_64 1.0.0 3.87 33.80 37.67 OK
r-patched-solaris-x86 1.0.0 69.80 NOTE
r-release-linux-x86_64 1.0.0 4.04 34.06 38.10 OK
r-release-macos-x86_64 1.0.0 NOTE
r-release-windows-ix86+x86_64 1.0.0 18.00 45.00 63.00 OK
r-oldrel-macos-x86_64 1.0.0 NOTE
r-oldrel-windows-ix86+x86_64 1.0.0 4.00 46.00 50.00 OK

Check Details

Version: 1.0.0
Check: dependencies in R code
Result: NOTE
    Namespace in Imports field not imported from: ‘modules’
     All declared Imports should be used.
Flavors: r-devel-linux-x86_64-fedora-clang, r-devel-linux-x86_64-fedora-gcc, r-patched-solaris-x86, r-release-macos-x86_64, r-oldrel-macos-x86_64