CRAN Package Check Results for Package LPower

Last updated on 2022-06-30 01:49:12 CEST.

Flavor Version Tinstall Tcheck Ttotal Status Flags
r-devel-linux-x86_64-debian-clang 0.1.1 2.31 24.54 26.85 NOTE
r-devel-linux-x86_64-debian-gcc 0.1.1 2.11 18.84 20.95 NOTE
r-devel-linux-x86_64-fedora-clang 0.1.1 44.87 NOTE
r-devel-linux-x86_64-fedora-gcc 0.1.1 42.16 NOTE
r-devel-windows-x86_64 0.1.1 10.00 47.00 57.00 NOTE
r-patched-linux-x86_64 0.1.1 2.20 23.79 25.99 NOTE
r-release-linux-x86_64 0.1.1 2.39 23.74 26.13 NOTE
r-release-macos-arm64 0.1.1 14.00 NOTE
r-release-macos-x86_64 0.1.1 21.00 NOTE
r-release-windows-x86_64 0.1.1 9.00 47.00 56.00 NOTE
r-oldrel-macos-arm64 0.1.1 16.00 NOTE
r-oldrel-macos-x86_64 0.1.1 27.00 NOTE
r-oldrel-windows-ix86+x86_64 0.1.1 6.00 41.00 47.00 NOTE

Check Details

Version: 0.1.1
Check: LazyData
Result: NOTE
     'LazyData' is specified without a 'data' directory
Flavors: r-devel-linux-x86_64-debian-clang, r-devel-linux-x86_64-debian-gcc, r-devel-linux-x86_64-fedora-clang, r-devel-linux-x86_64-fedora-gcc, r-devel-windows-x86_64, r-patched-linux-x86_64, r-release-linux-x86_64, r-release-macos-arm64, r-release-macos-x86_64, r-release-windows-x86_64, r-oldrel-macos-arm64, r-oldrel-macos-x86_64, r-oldrel-windows-ix86+x86_64