CRAN Package Check Results for Package LRQMM

Last updated on 2023-06-07 06:57:51 CEST.

Flavor Version Tinstall Tcheck Ttotal Status Flags
r-devel-linux-x86_64-debian-clang 1.2.3 2.77 29.98 32.75 OK
r-devel-linux-x86_64-debian-gcc 1.2.3 2.13 23.15 25.28 OK
r-devel-linux-x86_64-fedora-clang 1.2.3 41.29 OK
r-devel-linux-x86_64-fedora-gcc 1.2.3 41.30 OK
r-devel-windows-x86_64 1.2.3 4.00 45.00 49.00 OK
r-patched-linux-x86_64 1.2.3 1.74 28.62 30.36 OK
r-release-linux-x86_64 1.2.3 2.65 28.97 31.62 OK
r-release-macos-arm64 1.2.3 19.00 OK
r-release-macos-x86_64 1.2.3 30.00 OK
r-release-windows-x86_64 1.2.3 4.00 48.00 52.00 OK
r-oldrel-macos-arm64 1.2.3 11.00 ERROR
r-oldrel-macos-x86_64 1.2.3 11.00 ERROR
r-oldrel-windows-x86_64 1.2.3 5.00 52.00 57.00 OK

Check Details

Version: 1.2.3
Check: package dependencies
Result: ERROR
    Package required but not available: ‘GeneticsPed’
    
    See section ‘The DESCRIPTION file’ in the ‘Writing R Extensions’
    manual.
Flavors: r-oldrel-macos-arm64, r-oldrel-macos-x86_64