CRAN Package Check Results for Package LSDinterface

Last updated on 2023-09-27 08:02:37 CEST.

Flavor Version Tinstall Tcheck Ttotal Status Flags
r-devel-linux-x86_64-debian-clang 1.2.1 3.82 37.72 41.54 OK
r-devel-linux-x86_64-debian-gcc 1.2.1 3.30 28.75 32.05 OK
r-devel-linux-x86_64-fedora-clang 1.2.1 50.88 OK
r-devel-linux-x86_64-fedora-gcc 1.2.1 51.09 OK
r-devel-windows-x86_64 1.2.1 5.00 56.00 61.00 OK
r-patched-linux-x86_64 1.2.1 12.50 37.10 49.60 OK
r-release-linux-x86_64 1.2.1 2.54 36.87 39.41 OK
r-release-macos-arm64 1.2.1 21.00 OK
r-release-macos-x86_64 1.2.1 33.00 NOTE
r-release-windows-x86_64 1.2.1 7.00 58.00 65.00 OK
r-oldrel-macos-arm64 1.2.1 24.00 OK
r-oldrel-macos-x86_64 1.2.1 35.00 OK
r-oldrel-windows-x86_64 1.2.1 7.00 62.00 69.00 OK

Check Details

Version: 1.2.1
Check: package dependencies
Result: NOTE
    Package suggested but not available for checking: ‘LSDsensitivity’
Flavor: r-release-macos-x86_64

Version: 1.2.1
Check: Rd cross-references
Result: NOTE
    Package unavailable to check Rd xrefs: ‘LSDsensitivity’
Flavor: r-release-macos-x86_64