CRAN Package Check Results for Package LSDinterface

Last updated on 2022-01-16 01:07:05 CET.

Flavor Version Tinstall Tcheck Ttotal Status Flags
r-devel-linux-x86_64-debian-clang 1.1.0 2.75 35.43 38.18 OK
r-devel-linux-x86_64-debian-gcc 1.1.0 2.08 29.35 31.43 OK
r-devel-linux-x86_64-fedora-clang 1.1.0 46.39 OK
r-devel-linux-x86_64-fedora-gcc 1.1.0 36.66 OK
r-devel-windows-x86_64-new-UL 1.1.0 47.00 56.00 103.00 OK
r-devel-windows-x86_64-new-TK 1.1.0 NOTE
r-patched-linux-x86_64 1.1.0 3.13 33.63 36.76 OK
r-release-linux-x86_64 1.1.0 2.88 33.52 36.40 OK
r-release-macos-arm64 1.1.0 OK
r-release-macos-x86_64 1.1.0 OK
r-release-windows-ix86+x86_64 1.1.0 6.00 43.00 49.00 OK
r-oldrel-macos-x86_64 1.1.0 OK
r-oldrel-windows-ix86+x86_64 1.1.0 7.00 43.00 50.00 OK

Check Details

Version: 1.1.0
Check: package dependencies
Result: NOTE
    Package suggested but not available for checking: 'LSDsensitivity'
Flavor: r-devel-windows-x86_64-new-TK

Version: 1.1.0
Check: Rd cross-references
Result: NOTE
    Package unavailable to check Rd xrefs: 'LSDsensitivity'
Flavor: r-devel-windows-x86_64-new-TK