CRAN Package Check Results for Package LSTS

Last updated on 2022-06-30 01:49:12 CEST.

Flavor Version Tinstall Tcheck Ttotal Status Flags
r-devel-linux-x86_64-debian-clang 2.1 5.98 85.02 91.00 NOTE
r-devel-linux-x86_64-debian-gcc 2.1 4.24 59.82 64.06 NOTE
r-devel-linux-x86_64-fedora-clang 2.1 122.60 NOTE
r-devel-linux-x86_64-fedora-gcc 2.1 115.72 NOTE
r-devel-windows-x86_64 2.1 17.00 108.00 125.00 NOTE
r-patched-linux-x86_64 2.1 6.09 81.07 87.16 OK
r-release-linux-x86_64 2.1 5.93 79.80 85.73 OK
r-release-macos-arm64 2.1 30.00 NOTE
r-release-macos-x86_64 2.1 55.00 NOTE
r-release-windows-x86_64 2.1 18.00 105.00 123.00 OK
r-oldrel-macos-arm64 2.1 32.00 NOTE
r-oldrel-macos-x86_64 2.1 44.00 NOTE
r-oldrel-windows-ix86+x86_64 2.1 16.00 105.00 121.00 OK

Check Details

Version: 2.1
Check: Rd files
Result: NOTE
    checkRd: (-1) LS.kalman.Rd:65: Escaped LaTeX specials: \&
    checkRd: (-1) spectral.density.Rd:55: Escaped LaTeX specials: \&
Flavors: r-devel-linux-x86_64-debian-clang, r-devel-linux-x86_64-debian-gcc, r-devel-linux-x86_64-fedora-clang, r-devel-linux-x86_64-fedora-gcc, r-devel-windows-x86_64

Version: 2.1
Check: dependencies in R code
Result: NOTE
    Namespace in Imports field not imported from: ‘Rdpack’
     All declared Imports should be used.
Flavors: r-devel-linux-x86_64-fedora-clang, r-devel-linux-x86_64-fedora-gcc, r-release-macos-arm64, r-release-macos-x86_64, r-oldrel-macos-arm64, r-oldrel-macos-x86_64