CRAN Package Check Results for Package LSX

Last updated on 2021-02-26 00:48:20 CET.

Flavor Version Tinstall Tcheck Ttotal Status Flags
r-devel-linux-x86_64-debian-clang 0.9.6 11.82 251.36 263.18 OK
r-devel-linux-x86_64-debian-gcc 0.9.6 10.97 198.87 209.84 OK
r-devel-linux-x86_64-fedora-clang 0.9.6 337.99 NOTE
r-devel-linux-x86_64-fedora-gcc 0.9.6 327.62 NOTE
r-devel-windows-ix86+x86_64 0.9.6 22.00 222.00 244.00 OK
r-patched-linux-x86_64 0.9.6 9.95 250.05 260.00 OK
r-patched-solaris-x86 0.9.6 749.70 NOTE
r-release-linux-x86_64 0.9.6 8.25 258.23 266.48 OK
r-release-macos-x86_64 0.9.6 NOTE
r-release-windows-ix86+x86_64 0.9.6 37.00 308.00 345.00 OK
r-oldrel-macos-x86_64 0.9.6 NOTE
r-oldrel-windows-ix86+x86_64 0.9.6 19.00 255.00 274.00 OK

Check Details

Version: 0.9.6
Check: dependencies in R code
Result: NOTE
    Namespaces in Imports field not imported from:
     ‘e1071’ ‘grDevices’
     All declared Imports should be used.
Flavors: r-devel-linux-x86_64-fedora-clang, r-devel-linux-x86_64-fedora-gcc, r-patched-solaris-x86, r-release-macos-x86_64, r-oldrel-macos-x86_64

Version: 0.9.6
Check: data for non-ASCII characters
Result: NOTE
     Note: found 2096 marked UTF-8 strings
Flavors: r-devel-linux-x86_64-fedora-clang, r-devel-linux-x86_64-fedora-gcc, r-patched-solaris-x86, r-release-macos-x86_64, r-oldrel-macos-x86_64