CRAN Package Check Results for Package LW1949

Last updated on 2023-02-06 00:52:35 CET.

Flavor Version Tinstall Tcheck Ttotal Status Flags
r-devel-linux-x86_64-debian-clang 1.1.0 10.42 92.47 102.89 NOTE
r-devel-linux-x86_64-debian-gcc 1.1.0 7.63 70.91 78.54 NOTE
r-devel-linux-x86_64-fedora-clang 1.1.0 128.73 NOTE
r-devel-linux-x86_64-fedora-gcc 1.1.0 137.84 NOTE
r-devel-windows-x86_64 1.1.0 26.00 136.00 162.00 NOTE
r-patched-linux-x86_64 1.1.0 11.78 91.94 103.72 NOTE
r-release-linux-x86_64 1.1.0 10.75 90.92 101.67 NOTE
r-release-macos-arm64 1.1.0 47.00 NOTE
r-release-macos-x86_64 1.1.0 65.00 NOTE
r-release-windows-x86_64 1.1.0 25.00 133.00 158.00 NOTE
r-oldrel-macos-arm64 1.1.0 60.00 NOTE
r-oldrel-macos-x86_64 1.1.0 89.00 NOTE
r-oldrel-windows-ix86+x86_64 1.1.0 20.00 126.00 146.00 NOTE

Check Details

Version: 1.1.0
Check: LazyData
Result: NOTE
     'LazyData' is specified without a 'data' directory
Flavors: r-devel-linux-x86_64-debian-clang, r-devel-linux-x86_64-debian-gcc, r-devel-linux-x86_64-fedora-clang, r-devel-linux-x86_64-fedora-gcc, r-devel-windows-x86_64, r-patched-linux-x86_64, r-release-linux-x86_64, r-release-macos-arm64, r-release-macos-x86_64, r-release-windows-x86_64, r-oldrel-macos-arm64, r-oldrel-macos-x86_64, r-oldrel-windows-ix86+x86_64

Version: 1.1.0
Check: Rd cross-references
Result: NOTE
    Undeclared package ‘zoo’ in Rd xrefs
Flavor: r-devel-linux-x86_64-fedora-clang