CRAN Package Check Results for Package LaplacesDemon

Last updated on 2023-10-01 08:52:02 CEST.

Flavor Version Tinstall Tcheck Ttotal Status Flags
r-devel-linux-x86_64-debian-clang 16.1.6 47.24 318.73 365.97 NOTE
r-devel-linux-x86_64-debian-gcc 16.1.6 38.62 228.82 267.44 NOTE
r-devel-linux-x86_64-fedora-clang 16.1.6 446.29 NOTE
r-devel-linux-x86_64-fedora-gcc 16.1.6 487.47 NOTE
r-devel-windows-x86_64 16.1.6 41.00 0.00 41.00 FAIL
r-patched-linux-x86_64 16.1.6 56.94 310.74 367.68 NOTE
r-release-linux-x86_64 16.1.6 47.62 313.63 361.25 NOTE
r-release-macos-arm64 16.1.6 114.00 NOTE
r-release-macos-x86_64 16.1.6 207.00 NOTE
r-release-windows-x86_64 16.1.6 40.00 357.00 397.00 NOTE
r-oldrel-macos-arm64 16.1.6 108.00 NOTE
r-oldrel-macos-x86_64 16.1.6 139.00 OK
r-oldrel-windows-x86_64 16.1.6 65.00 335.00 400.00 OK

Check Details

Version: 16.1.6
Check: Rd files
Result: NOTE
    checkRd: (-1) LaplaceApproximation.Rd:485: Escaped LaTeX specials: \&
    checkRd: (-1) LossMatrix.Rd:115: Escaped LaTeX specials: \&
    checkRd: (-1) LossMatrix.Rd:117: Escaped LaTeX specials: \&
Flavors: r-devel-linux-x86_64-debian-clang, r-devel-linux-x86_64-debian-gcc, r-devel-linux-x86_64-fedora-clang, r-devel-linux-x86_64-fedora-gcc, r-devel-windows-x86_64, r-patched-linux-x86_64, r-release-linux-x86_64, r-release-macos-arm64, r-release-macos-x86_64, r-release-windows-x86_64

Version: 16.1.6
Check: re-building of vignette outputs
Result: FAIL
    Check process probably crashed or hung up for 20 minutes ... killed
    Most likely this happened in the example checks (?),
    if not, ignore the following last lines of example output:
    > ### * summary.vb.ppc
    >
    > flush(stderr()); flush(stdout())
    >
    > ### Name: summary.vb.ppc
    > ### Title: Posterior Predictive Check Summary
    > ### Aliases: summary.vb.ppc
    > ### Keywords: BPIC Chi-Square Kurtosis L-criterion MASE MSE Posterior
    > ### Predictive Checks Posterior Predictive Loss Quadratic Loss Quadratic
    > ### Utility RMSE Skewness summary
    >
    > ### ** Examples
    > ### See the VariationalBayes function for an example.
    >
    >
    > ### * <FOOTER>
    > ###
    > cleanEx()
    > options(digits = 7L)
    > base::cat("Time elapsed: ", proc.time() - base::get("ptime", pos = 'CheckExEnv'),"\n")
    Time elapsed: 13.38 0.43 13.8 NA NA
    > grDevices::dev.off()
    null device
     1
    > ###
    > ### Local variables: ***
    > ### mode: outline-minor ***
    > ### outline-regexp: "\\(> \\)?### [*]+" ***
    > ### End: ***
    > quit('no')
    ======== End of example output (where/before crash/hang up occured ?) ========
Flavor: r-devel-windows-x86_64

Version: 16.1.6
Check: installed package size
Result: NOTE
     installed size is 5.4Mb
     sub-directories of 1Mb or more:
     R 2.0Mb
     doc 1.7Mb
     help 1.1Mb
Flavors: r-release-macos-arm64, r-release-macos-x86_64, r-oldrel-macos-arm64