CRAN Package Check Results for Package LaplacesDemon

Last updated on 2020-05-25 01:48:56 CEST.

Flavor Version Tinstall Tcheck Ttotal Status Flags
r-devel-linux-x86_64-debian-clang 16.1.4 45.86 259.58 305.44 OK
r-devel-linux-x86_64-debian-gcc 16.1.4 38.63 193.90 232.53 OK
r-devel-linux-x86_64-fedora-clang 16.1.4 385.46 NOTE
r-devel-linux-x86_64-fedora-gcc 16.1.4 372.02 OK
r-devel-windows-ix86+x86_64 16.1.4 82.00 261.00 343.00 NOTE
r-patched-linux-x86_64 16.1.4 47.21 260.43 307.64 OK
r-patched-solaris-x86 16.1.4 410.60 NOTE
r-release-linux-x86_64 16.1.4 46.50 261.74 308.24 OK
r-release-osx-x86_64 16.1.4 NOTE
r-release-windows-ix86+x86_64 16.1.4 64.00 332.00 396.00 NOTE
r-oldrel-osx-x86_64 16.1.4 NOTE
r-oldrel-windows-ix86+x86_64 16.1.4 57.00 304.00 361.00 NOTE

Check Details

Version: 16.1.4
Check: installed package size
Result: NOTE
     installed size is 5.2Mb
     sub-directories of 1Mb or more:
     R 1.5Mb
     doc 2.0Mb
     help 1.1Mb
Flavors: r-devel-linux-x86_64-fedora-clang, r-devel-windows-ix86+x86_64, r-patched-solaris-x86, r-release-osx-x86_64, r-release-windows-ix86+x86_64, r-oldrel-osx-x86_64, r-oldrel-windows-ix86+x86_64