CRAN Package Check Results for Package LeArEst

Last updated on 2024-06-25 08:48:19 CEST.

Flavor Version Tinstall Tcheck Ttotal Status Flags
r-devel-linux-x86_64-debian-clang 1.0.0 5.09 35.70 40.79 NOTE
r-devel-linux-x86_64-debian-gcc 1.0.0 3.64 26.18 29.82 NOTE
r-devel-linux-x86_64-fedora-clang 1.0.0 51.26 NOTE
r-devel-linux-x86_64-fedora-gcc 1.0.0 47.32 NOTE
r-devel-windows-x86_64 1.0.0 6.00 45.00 51.00 NOTE
r-patched-linux-x86_64 1.0.0 5.93 34.01 39.94 NOTE
r-release-linux-x86_64 1.0.0 5.11 33.01 38.12 NOTE
r-release-macos-arm64 1.0.0 19.00 NOTE
r-release-macos-x86_64 1.0.0 26.00 NOTE
r-release-windows-x86_64 1.0.0 7.00 46.00 53.00 NOTE
r-oldrel-macos-arm64 1.0.0 22.00 NOTE
r-oldrel-macos-x86_64 1.0.0 27.00 NOTE
r-oldrel-windows-x86_64 1.0.0 7.00 49.00 56.00 NOTE

Check Details

Version: 1.0.0
Check: LazyData
Result: NOTE 'LazyData' is specified without a 'data' directory Flavors: r-devel-linux-x86_64-debian-clang, r-devel-linux-x86_64-debian-gcc, r-devel-linux-x86_64-fedora-clang, r-devel-linux-x86_64-fedora-gcc, r-devel-windows-x86_64, r-patched-linux-x86_64, r-release-linux-x86_64, r-release-macos-arm64, r-release-macos-x86_64, r-release-windows-x86_64, r-oldrel-macos-arm64, r-oldrel-macos-x86_64, r-oldrel-windows-x86_64