Last updated on 2023-03-25 07:02:23 CET.
Flavor | Version | Tinstall | Tcheck | Ttotal | Status | Flags |
---|---|---|---|---|---|---|
r-devel-linux-x86_64-debian-clang | 1.0.0 | 4.09 | 33.99 | 38.08 | NOTE | |
r-devel-linux-x86_64-debian-gcc | 1.0.0 | 4.40 | 25.89 | 30.29 | NOTE | |
r-devel-linux-x86_64-fedora-clang | 1.0.0 | 49.31 | NOTE | |||
r-devel-linux-x86_64-fedora-gcc | 1.0.0 | 49.19 | NOTE | |||
r-devel-windows-x86_64 | 1.0.0 | 24.00 | 63.00 | 87.00 | NOTE | |
r-patched-linux-x86_64 | 1.0.0 | 5.15 | 33.24 | 38.39 | NOTE | |
r-release-linux-x86_64 | 1.0.0 | 4.99 | 33.89 | 38.88 | NOTE | |
r-release-macos-arm64 | 1.0.0 | 18.00 | NOTE | |||
r-release-macos-x86_64 | 1.0.0 | 30.00 | NOTE | |||
r-release-windows-x86_64 | 1.0.0 | 19.00 | 60.00 | 79.00 | NOTE | |
r-oldrel-macos-arm64 | 1.0.0 | 22.00 | NOTE | |||
r-oldrel-macos-x86_64 | 1.0.0 | 29.00 | NOTE | |||
r-oldrel-windows-ix86+x86_64 | 1.0.0 | 10.00 | 59.00 | 69.00 | NOTE |
Version: 1.0.0
Check: LazyData
Result: NOTE
'LazyData' is specified without a 'data' directory
Flavors: r-devel-linux-x86_64-debian-clang, r-devel-linux-x86_64-debian-gcc, r-devel-linux-x86_64-fedora-clang, r-devel-linux-x86_64-fedora-gcc, r-devel-windows-x86_64, r-patched-linux-x86_64, r-release-linux-x86_64, r-release-macos-arm64, r-release-macos-x86_64, r-release-windows-x86_64, r-oldrel-macos-arm64, r-oldrel-macos-x86_64, r-oldrel-windows-ix86+x86_64