CRAN Package Check Results for Package LinkageMapView

Last updated on 2020-05-28 01:53:20 CEST.

Flavor Version Tinstall Tcheck Ttotal Status Flags
r-devel-linux-x86_64-debian-clang 2.1.2 4.44 74.75 79.19 OK
r-devel-linux-x86_64-debian-gcc 2.1.2 3.51 52.32 55.83 OK
r-devel-linux-x86_64-fedora-clang 2.1.2 101.64 NOTE
r-devel-linux-x86_64-fedora-gcc 2.1.2 91.65 NOTE
r-devel-windows-ix86+x86_64 2.1.2 11.00 111.00 122.00 OK
r-patched-linux-x86_64 2.1.2 4.07 72.41 76.48 OK
r-patched-solaris-x86 2.1.2 144.70 NOTE
r-release-linux-x86_64 2.1.2 4.38 72.66 77.04 OK
r-release-osx-x86_64 2.1.2 NOTE
r-release-windows-ix86+x86_64 2.1.2 9.00 113.00 122.00 OK
r-oldrel-osx-x86_64 2.1.2 NOTE
r-oldrel-windows-ix86+x86_64 2.1.2 11.00 90.00 101.00 OK

Check Details

Version: 2.1.2
Check: dependencies in R code
Result: NOTE
    Namespace in Imports field not imported from: ‘RColorBrewer’
     All declared Imports should be used.
Flavors: r-devel-linux-x86_64-fedora-clang, r-devel-linux-x86_64-fedora-gcc, r-patched-solaris-x86, r-release-osx-x86_64, r-oldrel-osx-x86_64