Last updated on 2023-01-30 01:53:36 CET.
Flavor | Version | Tinstall | Tcheck | Ttotal | Status | Flags |
---|---|---|---|---|---|---|
r-devel-linux-x86_64-debian-clang | 2.1.2 | 4.92 | 78.03 | 82.95 | OK | |
r-devel-linux-x86_64-debian-gcc | 2.1.2 | 3.91 | 56.79 | 60.70 | OK | |
r-devel-linux-x86_64-fedora-clang | 2.1.2 | 101.86 | NOTE | |||
r-devel-linux-x86_64-fedora-gcc | 2.1.2 | 130.91 | NOTE | |||
r-devel-windows-x86_64 | 2.1.2 | 26.00 | 123.00 | 149.00 | OK | |
r-patched-linux-x86_64 | 2.1.2 | 3.83 | 78.08 | 81.91 | OK | |
r-release-linux-x86_64 | 2.1.2 | 4.65 | 79.20 | 83.85 | OK | |
r-release-macos-arm64 | 2.1.2 | 33.00 | NOTE | |||
r-release-macos-x86_64 | 2.1.2 | 57.00 | NOTE | |||
r-release-windows-x86_64 | 2.1.2 | 27.00 | 128.00 | 155.00 | OK | |
r-oldrel-macos-arm64 | 2.1.2 | 37.00 | NOTE | |||
r-oldrel-macos-x86_64 | 2.1.2 | 90.00 | NOTE | |||
r-oldrel-windows-ix86+x86_64 | 2.1.2 | 9.00 | 111.00 | 120.00 | OK |
Version: 2.1.2
Check: dependencies in R code
Result: NOTE
Namespace in Imports field not imported from: ‘RColorBrewer’
All declared Imports should be used.
Flavors: r-devel-linux-x86_64-fedora-clang, r-devel-linux-x86_64-fedora-gcc, r-release-macos-arm64, r-release-macos-x86_64, r-oldrel-macos-arm64, r-oldrel-macos-x86_64