CRAN Package Check Results for Package LocalControl

Last updated on 2022-09-26 01:52:50 CEST.

Flavor Version Tinstall Tcheck Ttotal Status Flags
r-devel-linux-x86_64-debian-clang 1.1.3 35.89 82.01 117.90 NOTE
r-devel-linux-x86_64-debian-gcc 1.1.3 29.76 61.81 91.57 NOTE
r-devel-linux-x86_64-fedora-clang 1.1.3 164.23 NOTE
r-devel-linux-x86_64-fedora-gcc 1.1.3 160.47 NOTE
r-devel-windows-x86_64 1.1.3 71.00 147.00 218.00 NOTE
r-patched-linux-x86_64 1.1.3 30.12 78.08 108.20 OK
r-release-linux-x86_64 1.1.3 30.52 78.97 109.49 OK
r-release-macos-arm64 1.1.3 57.00 OK
r-release-macos-x86_64 1.1.3 65.00 OK
r-release-windows-x86_64 1.1.3 91.00 136.00 227.00 OK
r-oldrel-macos-arm64 1.1.3 54.00 OK
r-oldrel-macos-x86_64 1.1.3 64.00 OK
r-oldrel-windows-ix86+x86_64 1.1.3 84.00 131.00 215.00 OK

Check Details

Version: 1.1.3
Check: Rd files
Result: NOTE
    checkRd: (-1) SPSloess.Rd:71: Escaped LaTeX specials: \^ \^
Flavors: r-devel-linux-x86_64-debian-clang, r-devel-linux-x86_64-debian-gcc, r-devel-linux-x86_64-fedora-clang, r-devel-linux-x86_64-fedora-gcc, r-devel-windows-x86_64